{"id":10353,"date":"2022-06-24T06:21:03","date_gmt":"2022-06-24T06:21:03","guid":{"rendered":"\/r\/?page_id=10353"},"modified":"2022-06-24T06:21:03","modified_gmt":"2022-06-24T06:21:03","slug":"libros-de-josh-mcdowell","status":"publish","type":"page","link":"https:\/\/staging.editorialhccp.hcusweb.com\/r\/libros-de-josh-mcdowell\/","title":{"rendered":"libros de Josh Mcdowell"},"content":{"rendered":"\n<h1>\n\t\tSUPERA TUS LUCHAS. CUMPLE TUS ANHELOS M\u00c1S PROFUNDOS. TODA TU VIDA TE ESPERA.\n\t<\/h1>\n\t\t\t<a href=\"#plenituddevida\" target=\"_blank\" role=\"button\" rel=\"noopener nofollow\">\n\t\t\t\t\t\t\t\u00a1Comprar Ahora!\n\t\t\t\t\t<\/a>\n\t\t\t\t<a href=\"http:\/\/aps.harpercollins.com\/editorialvida?isbn=9780829771633&amp;retailer=amazon&amp;locale=US\" target=\"_blank\" rel=\"noopener\">\n\t\t\t\t<img loading=\"lazy\" decoding=\"async\" src=\"\/r\/wp-content\/uploads\/sites\/5\/2020\/10\/Amazon-logo.png\" alt=\"Amazon-logo\" height=\"300\" width=\"600\" title=\"Amazon-logo\" \/>\n\t\t\t\t<\/a>\n\t\t\t\t<a href=\"http:\/\/aps.harpercollins.com\/editorialvida?isbn=9780829771633&amp;retailer=barnesandnoble&amp;locale=US\" target=\"_blank\" rel=\"noopener\">\n\t\t\t\t<img loading=\"lazy\" decoding=\"async\" src=\"\/r\/wp-content\/uploads\/sites\/5\/2020\/10\/barnes-noble-logo.png\" alt=\"barnes-noble-logo\" height=\"300\" width=\"600\" title=\"barnes-noble-logo\" \/>\n\t\t\t\t<\/a>\n\t\t\t\t<a href=\"http:\/\/aps.harpercollins.com\/editorialvida?isbn=9780829771633&amp;retailer=apple&amp;locale=US\" target=\"_blank\" rel=\"noopener\">\n\t\t\t\t<img loading=\"lazy\" decoding=\"async\" src=\"\/r\/wp-content\/uploads\/sites\/5\/2020\/10\/Apple-Books-logo.png\" alt=\"Apple Books-logo\" height=\"300\" width=\"600\" title=\"Apple Books-logo\" \/>\n\t\t\t\t<\/a>\n\t\t\t\t<a href=\"http:\/\/aps.harpercollins.com\/editorialvida?isbn=9780829771633&amp;retailer=christianbooks&amp;locale=US\" target=\"_blank\" rel=\"noopener\">\n\t\t\t\t<img loading=\"lazy\" decoding=\"async\" src=\"\/r\/wp-content\/uploads\/sites\/5\/2022\/06\/cbd2-copy.png\" alt=\"cbd2-copy\" height=\"56\" width=\"300\" title=\"cbd2-copy\" \/>\n\t\t\t\t<\/a>\n\t\t\t\t<img loading=\"lazy\" decoding=\"async\" src=\"\/r\/wp-content\/uploads\/sites\/5\/2022\/06\/audible_white.png\" alt=\"audible_white\" height=\"56\" width=\"150\" title=\"audible_white\" \/>\n<h2>\n\t\tELOGIOS AL LIBRO PLENITUD DE VIDA\n\t<\/h2>\n\t\t\t<p>\u00abEn <em>Plenitud de vida<\/em>, Josh y Ben nos ayudan a enfrentarnos a nues\u00adtras luchas. Ese es el motivo por el que nos sentimos atascados en la vida, por el que nuestros intentos de crecimiento se estancan, y por el que abordar las cosas dif\u00edciles que evitamos nos posiciona para prosperar\u00bb.-<strong>Lisa Bevere<\/strong>, autora superventas del <em>New York Times.<\/em><\/p>\t\t\n\t\t\t<p>\u00abUna de las mayores necesidades de nuestro mundo es la presencia de l\u00edderes sanos. <em>Plenitud de vida <\/em>te brinda una forma clara de enfren\u00adtarte a tu pasado, entender tus malos h\u00e1bitos y avanzar hacia el m\u00e1s saludable de los futuros\u00bb.-<strong>Andy Stanley<\/strong>, pastor y autor de <em>Mejores decisiones, menos lamentos<\/em><\/p>\t\t\n\t\t\t<p>\u00abSi est\u00e1s buscando una perspectiva atractiva, compasiva y reveladora sobre el dolor, la sanaci\u00f3n y la apolog\u00e9tica, este libro es perfecto para ti. Es una obra oportuna, singular y posee autoridad: un fabuloso recurso de lectura obligada para la iglesia de nuestro tiempo. \u00a1Gracias, Josh y Ben, por esta inestimable aportaci\u00f3n!\u00bb.-<strong>Lee Strobel<\/strong>, autor superventas, <em>Strobel Center for Evangelism and Applied Apologetics, Colorado Christian University<\/em><\/p>\t\t\n\t\t\t<p>\u00abNo es un secreto que nuestro mundo enfrenta problemas de salud mental a niveles devastadores. En <em>Plenitud de vida<\/em>, Josh y Ben nos ofrecen un camino claro y b\u00edblico hacia la libertad de cualquier lucha que nos llevar\u00e1 a una vida floreciente y llena de prop\u00f3sito\u00bb.-<strong>Rick Warren<\/strong>, pastor principal, iglesia <em>Saddleback<\/em><\/p>\t\t\n<h2>\n\t\tDIOS TIENE M\u00c1S PARA TI\n\t<\/h2>\n\t<p>Ansiedad, dolor, duda, culpa, verg\u00fcenza.<\/p>\n<p>Estos sentimientos a menudo provienen de cicatrices relacionales y emocionales no resueltas que nos dejan con anhelos insatisfechos que Dios nos ha dado. Buscamos cumplir estos anhelos a trav\u00e9s de comportamientos y relaciones poco saludables que terminan lastimando en lugar de ayudar.<\/p>\n<h2>Muchas personas hoy en d\u00eda experimentan niveles devastadores de soledad, ansiedad, depresi\u00f3n, uso de la pornograf\u00eda y verg\u00fcenza. Muchos est\u00e1n luchando y no saben c\u00f3mo liberarse, y mucho menos vivir una vida floreciente.<\/h2>\n<p>No importa con qu\u00e9 est\u00e9s luchando, es posible experimentar la plenitud espiritual, emocional y relacional que Dios quiere que tengas, y vivir la vida pr\u00f3spera para la que fuiste creado.<\/p>\n\t\t\t<a href=\"#tiendas\" target=\"_blank\" role=\"button\" rel=\"noopener nofollow\">\n\t\t\t\t\t\t\t\u00a1Comprar Ahora!\n\t\t\t\t\t<\/a>\n\t\t\t\t<img loading=\"lazy\" decoding=\"async\" src=\"\/r\/wp-content\/uploads\/sites\/5\/2022\/06\/libro-plenitud-de-vida.png\" alt=\"plenitud de vida josh mcdowell ben bennett\" height=\"1000\" width=\"681\" title=\"libro plenitud de vida\" \/>\n<h2>\n\t\tTus luchas no son aleatorias. \n\t<\/h2>\n\t<h2>Son se\u00f1ales que, cuando se responden, pueden conducirlo hacia una vida pr\u00f3spera.<\/h2>\n<p>Puede estar viviendo con heridas sin resolver y verg\u00fcenza constante, a menudo luchando con la forma en que ve a Dios. Pero <strong>Dios tiene mucho m\u00e1s para ti,<\/strong> y quiere que experimentes sanidad y plenitud.<\/p>\n<h2>\n\t\tCONVIERTE TUS LUCHAS EN FORTALEZAS \n\t<\/h2>\n\t<p>En <i>Plenitud de vida<\/i>, Josh McDowell y Ben te invitan a un viaje de sanaci\u00f3n que ellos mismos han experimentado. Te ense\u00f1ar\u00e1n c\u00f3mo <em><b>superar comportamientos no deseados <\/b><\/em>al lidiar con tus anhelos insatisfechos y vencer la ansiedad de una vez por todas. Tambi\u00e9n descubrir\u00e1s una visi\u00f3n restaurada de Dios que te ayudar\u00e1 a <em><b>superar la verg\u00fcenza y la duda.<\/b><\/em><\/p>\n<h2>\n\t\tCon una mezcla de sabidur\u00eda ganada con esfuerzo y energ\u00eda juvenil, presentan: \n\t<\/h2>\n\t<ul>\n<li>Ense\u00f1anza b\u00edblica.<\/li>\n<li>Investigaciones neurocient\u00edficas recientes.<\/li>\n<li>Principios probados por el tiempo.<\/li>\n<li>Historias personales de liberaci\u00f3n.<\/li>\n<li>Herramientas pr\u00e1cticas.<\/li>\n<li>Oportunidades para la reflexi\u00f3n.<\/li>\n<\/ul>\n<h2>\n\t\tNo importa con qu\u00e9 est\u00e9s luchando, puedes experimentar un avance espiritual, emocional y relacional para vivir la vida pr\u00f3spera para la que fuiste creado.\n\t<\/h2>\n\t<h4>\u00abNuestra oraci\u00f3n es que Dios use este libro para brindarle las herramientas que necesita para sanar finalmente, para superar las cosas que ha tratado de dejar de hacer, y no solo ser libre, sino ser libre para prosperar\u00bb.<br \/>\n-Ben y Josh<\/h4>\n\t\t\t<a href=\"#tiendas\" target=\"_blank\" role=\"button\" rel=\"noopener nofollow\">\n\t\t\t\t\t\t\t\u00a1Comprar Ahora!\n\t\t\t\t\t<\/a>\n<h2>\n\t\tobten el libro en:\n\t<\/h2>\n\t\t\t\t<a href=\"http:\/\/aps.harpercollins.com\/editorialvida?isbn=9780829771633&amp;retailer=amazon&amp;locale=US\" target=\"_blank\" rel=\"noopener\">\n\t\t\t\t<img loading=\"lazy\" decoding=\"async\" src=\"\/r\/wp-content\/uploads\/sites\/5\/2020\/10\/Amazon-logo.png\" alt=\"Amazon-logo\" height=\"300\" width=\"600\" title=\"Amazon-logo\" \/>\n\t\t\t\t<\/a>\n\t\t\t\t<a href=\"http:\/\/aps.harpercollins.com\/editorialvida?isbn=9780829771633&amp;retailer=apple&amp;locale=US\" target=\"_blank\" rel=\"noopener\">\n\t\t\t\t<img loading=\"lazy\" decoding=\"async\" src=\"\/r\/wp-content\/uploads\/sites\/5\/2020\/10\/Apple-Books-logo.png\" alt=\"Apple Books-logo\" height=\"300\" width=\"600\" title=\"Apple Books-logo\" \/>\n\t\t\t\t<\/a>\n\t\t\t\t<a href=\"http:\/\/aps.harpercollins.com\/editorialvida?isbn=9780829771633&amp;retailer=barnesandnoble&amp;locale=US\" target=\"_blank\" rel=\"noopener\">\n\t\t\t\t<img loading=\"lazy\" decoding=\"async\" src=\"\/r\/wp-content\/uploads\/sites\/5\/2020\/10\/barnes-noble-logo.png\" alt=\"barnes-noble-logo\" height=\"300\" width=\"600\" title=\"barnes-noble-logo\" \/>\n\t\t\t\t<\/a>\n\t\t\t\t<a href=\"http:\/\/aps.harpercollins.com\/editorialvida?isbn=9780829771633&amp;retailer=booksamillion&amp;locale=US\" target=\"_blank\" rel=\"noopener\">\n\t\t\t\t<img loading=\"lazy\" decoding=\"async\" src=\"\/r\/wp-content\/uploads\/sites\/5\/2020\/10\/Bam-logo.png\" alt=\"Bam-logo\" height=\"300\" width=\"600\" title=\"Bam-logo\" \/>\n\t\t\t\t<\/a>\n\t\t\t\t<a href=\"http:\/\/aps.harpercollins.com\/editorialvida?isbn=9780829771633&amp;retailer=bookshop&amp;locale=US\" target=\"_blank\" rel=\"noopener\">\n\t\t\t\t<img loading=\"lazy\" decoding=\"async\" src=\"\/r\/wp-content\/uploads\/sites\/5\/2020\/10\/bookshop-logo.png\" alt=\"bookshop-logo\" height=\"300\" width=\"600\" title=\"bookshop-logo\" \/>\n\t\t\t\t<\/a>\n\t\t\t\t<a href=\"http:\/\/aps.harpercollins.com\/editorialvida?isbn=9780829771633&amp;retailer=christianbooks&amp;locale=US\" target=\"_blank\" rel=\"noopener\">\n\t\t\t\t<img loading=\"lazy\" decoding=\"async\" src=\"\/r\/wp-content\/uploads\/sites\/5\/2020\/10\/biblegateway-logo.png\" alt=\"biblegateway-logo\" height=\"300\" width=\"600\" title=\"biblegateway-logo\" \/>\n\t\t\t\t<\/a>\n\t\t\t\t<a href=\"http:\/\/aps.harpercollins.com\/editorialvida?isbn=9780829771633&amp;retailer=googleplay&amp;locale=US\" target=\"_blank\" rel=\"noopener\">\n\t\t\t\t<img loading=\"lazy\" decoding=\"async\" src=\"\/r\/wp-content\/uploads\/sites\/5\/2020\/10\/Google-Play-logo.png\" alt=\"Google Play-logo\" height=\"300\" width=\"600\" title=\"Google Play-logo\" \/>\n\t\t\t\t<\/a>\n\t\t\t\t<a href=\"http:\/\/aps.harpercollins.com\/editorialvida?isbn=9780829771633&amp;retailer=indiebound&amp;locale=US\" target=\"_blank\" rel=\"noopener\">\n\t\t\t\t<img loading=\"lazy\" decoding=\"async\" src=\"\/r\/wp-content\/uploads\/sites\/5\/2020\/10\/Indi-Bound-logo.png\" alt=\"Indi Bound-logo\" height=\"300\" width=\"600\" title=\"Indi Bound-logo\" \/>\n\t\t\t\t<\/a>\n\t<p>\u00bfEn otro pa\u00eds?<\/p>\n\t<nav aria-label=\"BuscadorTiendas\">\n\t\t<ul id=\"menu-buscadortiendas\"><li id=\"menu-item-5287\"><a href=\"#\" role=\"link\">Selecciona tu pa\u00eds<\/a><ul>\t<li id=\"menu-item-5281\"><a href=https:\/\/staging.editorialhccp.hcusweb.com\/r\/buscador-de-tiendas-argentina\/ role=\"link\">Argentina<\/a><\/li>\t<li id=\"menu-item-5282\"><a href=https:\/\/staging.editorialhccp.hcusweb.com\/r\/buscador-de-tiendas-bolivia\/ role=\"link\">Bolivia<\/a><\/li>\t<li id=\"menu-item-5283\"><a href=https:\/\/staging.editorialhccp.hcusweb.com\/r\/buscador-de-tiendas-canada\/ role=\"link\">Canad\u00e1<\/a><\/li>\t<li id=\"menu-item-5284\"><a href=https:\/\/staging.editorialhccp.hcusweb.com\/r\/buscador-de-tiendas-chile\/ role=\"link\">Chile<\/a><\/li>\t<li id=\"menu-item-5285\"><a href=https:\/\/staging.editorialhccp.hcusweb.com\/r\/buscador-de-tiendas-colombia\/ role=\"link\">Colombia<\/a><\/li>\t<li id=\"menu-item-5286\"><a href=https:\/\/staging.editorialhccp.hcusweb.com\/r\/buscador-de-tiendas-costarica\/ role=\"link\">Costa Rica<\/a><\/li>\t<li id=\"menu-item-5279\"><a href=https:\/\/staging.editorialhccp.hcusweb.com\/r\/buscador-de-tiendas-ecuador\/ role=\"link\">Ecuador<\/a><\/li>\t<li id=\"menu-item-5278\"><a href=https:\/\/staging.editorialhccp.hcusweb.com\/r\/buscador-de-tiendas-elsalvador\/ role=\"link\">El Salvador<\/a><\/li>\t<li id=\"menu-item-5270\"><a href=https:\/\/staging.editorialhccp.hcusweb.com\/r\/buscador-de-tiendas-espana\/ role=\"link\">Espa\u00f1a<\/a><\/li>\t<li id=\"menu-item-5268\"><a href=https:\/\/staging.editorialhccp.hcusweb.com\/r\/buscador-de-tiendas-eeuu\/ role=\"link\">Estados Unidos<\/a><\/li>\t<li id=\"menu-item-5277\"><a href=https:\/\/staging.editorialhccp.hcusweb.com\/r\/buscador-de-tiendas-guatemala\/ role=\"link\">Guatemala<\/a><\/li>\t<li id=\"menu-item-5276\"><a href=https:\/\/staging.editorialhccp.hcusweb.com\/r\/buscador-de-tiendas-honduras\/ role=\"link\">Honduras<\/a><\/li>\t<li id=\"menu-item-5267\"><a href=https:\/\/staging.editorialhccp.hcusweb.com\/r\/buscador-de-tiendas-mexico\/ role=\"link\">M\u00e9xico<\/a><\/li>\t<li id=\"menu-item-5275\"><a href=https:\/\/staging.editorialhccp.hcusweb.com\/r\/buscador-de-tiendas-nicaragua\/ role=\"link\">Nicaragua<\/a><\/li>\t<li id=\"menu-item-5274\"><a href=https:\/\/staging.editorialhccp.hcusweb.com\/r\/buscador-de-tiendas-panama\/ role=\"link\">Panam\u00e1<\/a><\/li>\t<li id=\"menu-item-5273\"><a href=https:\/\/staging.editorialhccp.hcusweb.com\/r\/buscador-de-tiendas-paraguay\/ role=\"link\">Paraguay<\/a><\/li>\t<li id=\"menu-item-5272\"><a href=https:\/\/staging.editorialhccp.hcusweb.com\/r\/buscador-de-tiendas-peru\/ role=\"link\">Per\u00fa<\/a><\/li>\t<li id=\"menu-item-5271\"><a href=https:\/\/staging.editorialhccp.hcusweb.com\/r\/buscador-de-tiendas-puertorico\/ role=\"link\">Puerto Rico<\/a><\/li>\t<li id=\"menu-item-5280\"><a href=https:\/\/staging.editorialhccp.hcusweb.com\/r\/buscador-de-tiendas-rd\/ role=\"link\">Rep\u00fablica Dominicana<\/a><\/li>\t<li id=\"menu-item-5269\"><a href=https:\/\/staging.editorialhccp.hcusweb.com\/r\/buscador-de-tiendas-uruguay\/ role=\"link\">Uruguay<\/a><\/li><\/ul><\/li><\/ul>\n\t\t\t<\/nav>\n\t\t\t\t<img loading=\"lazy\" decoding=\"async\" src=\"\/r\/wp-content\/uploads\/sites\/5\/2022\/06\/Josh-scaled-1.jpg\" alt=\"plenitud de vida josh mcdowell\" height=\"1000\" width=\"667\" title=\"Josh-scaled\" \/>\n\t\t\t\t<img loading=\"lazy\" decoding=\"async\" src=\"\/r\/wp-content\/uploads\/sites\/5\/2022\/06\/JOSH-MCDOWELL-text2.jpg\" alt=\"plenitud de vida josh mcdowell ben bennett\" height=\"200\" width=\"1200\" title=\"JOSH-MCDOWELL-text2\" \/>\n\t<p>Josh ha compartido el evangelio con m\u00e1s de 45 millones de personas en todo el mundo a trav\u00e9s de su trabajo con Campus Crusade for Christ y el alcance global del Ministerio Josh McDowell. Es una figura destacada en el movimiento de la apolog\u00e9tica cristiana y es autor y coautor de m\u00e1s de 150 libros, incluido el cl\u00e1sico <em>Evidencia que exige un veredicto.<\/em><\/p>\n\t\t\t\t<img loading=\"lazy\" decoding=\"async\" src=\"\/r\/wp-content\/uploads\/sites\/5\/2022\/06\/Ben-scaled-1.jpg\" alt=\"plenitud de vida ben bennett\" height=\"1000\" width=\"667\" title=\"Ben-scaled\" \/>\n\t\t\t\t<img loading=\"lazy\" decoding=\"async\" src=\"\/r\/wp-content\/uploads\/sites\/5\/2022\/06\/BEN-BENNETT-text.jpg\" alt=\"plenitud de vida josh mcdowell ben bennett\" height=\"200\" width=\"1200\" title=\"BEN-BENNETT-text\" \/>\n\t<p>Ben es autor, orador y director de Resolution Movement, un movimiento global que ayuda a los j\u00f3venes a superar las heridas y las luchas para prosperar en la vida. Tambi\u00e9n se asocia con terapeutas y l\u00edderes ministeriales de renombre mundial para ayudar a las personas j\u00f3venes y mayores a comprender y trabajar a trav\u00e9s de los factores subyacentes que impulsan los patrones nocivos en sus vidas. Ha sido miembro del personal del Ministerio Josh McDowell desde el 2017.<\/p>\n\t\t\t\t<img loading=\"lazy\" decoding=\"async\" src=\"\/r\/wp-content\/uploads\/sites\/5\/2022\/06\/libro-plenitud-de-vida.png\" alt=\"plenitud de vida josh mcdowell ben bennett\" height=\"1000\" width=\"681\" title=\"libro plenitud de vida\" \/>\n<h2>\n\t\tdescarga gratis\n\t<\/h2>\n\t\n<label>Nombre:<br \/>\n<\/label><label for=\"email\">Correo electr\u00f3nico:<\/label><br \/><br \/>\n\n\n\n\n\n\n\n\t<p>Al proporcionarnos su direcci\u00f3n de correo electr\u00f3nico usted tambi\u00e9n nos indica que est\u00e1 consciente de que recibir\u00e1 comunicados por este mismo medio de parte de HarperCollins Christian Publishing\u00a0(501 Nelson Place, Nashville, TN 37214 USA) con informaci\u00f3n acerca de productos y servicios tanto de HCCP como de sus afiliados.\u00a0Usted puede darse de baja de esta lista de env\u00edo de comunicados en\u00a0cualquier momento.\u00a0Si tiene alguna pregunta, por favor consulte nuestra Pol\u00edtica de Privacidad o env\u00ede un correo electr\u00f3nico a yourprivacy@harpercollins.com.<\/p>\n\t\t\t<a href=\"#inicio\" target=\"_self\" role=\"button\" rel=\"noopener\">\n\t\t\t\t\t\tarriba\n\t\t\t\t\t<\/a>\n\t\t\t\t<img loading=\"lazy\" decoding=\"async\" src=\"\/r\/wp-content\/uploads\/sites\/5\/2021\/03\/vida-logo-white.png\" alt=\"editorial vida\" height=\"241\" width=\"514\" title=\"vida logo white\" \/>\n\tCopyright \u00a9 2022 HarperCollins Publishers. All Rights Reserved. <a href=\"http:\/\/www.harpercollinschristian.com\/privacy\/\" target=\"_blank\" rel=\"noopener\"><br \/>\nPrivacy Policy.<\/a> <a href=\"http:\/\/www.harpercollinschristian.com\/terms\/\" target=\"_blank\" rel=\"noopener\"> Terms of Use<\/a>\n\n","protected":false},"excerpt":{"rendered":"<p>SUPERA TUS LUCHAS. CUMPLE TUS ANHELOS M\u00c1S PROFUNDOS. TODA TU VIDA TE ESPERA. \u00a1Comprar Ahora! ELOGIOS AL LIBRO PLENITUD DE VIDA \u00abEn Plenitud de vida, Josh y Ben nos ayudan a enfrentarnos a nues\u00adtras luchas. Ese es el motivo por el que nos sentimos atascados en la vida, por el que nuestros intentos de crecimiento [&hellip;]<\/p>\n","protected":false},"author":0,"featured_media":0,"parent":0,"menu_order":0,"comment_status":"closed","ping_status":"closed","template":"","meta":{"_acf_changed":false,"footnotes":""},"class_list":["post-10353","page","type-page","status-publish","hentry"],"acf":[],"yoast_head":"<!-- This site is optimized with the Yoast SEO plugin v27.3 - https:\/\/yoast.com\/product\/yoast-seo-wordpress\/ -->\n<title>libros de Josh Mcdowell - Marketing Pages<\/title>\n<meta name=\"robots\" content=\"index, follow, max-snippet:-1, max-image-preview:large, max-video-preview:-1\" \/>\n<link rel=\"canonical\" href=\"https:\/\/staging.editorialhccp.hcusweb.com\/r\/libros-de-josh-mcdowell\/\" \/>\n<meta property=\"og:locale\" content=\"en_US\" \/>\n<meta property=\"og:type\" content=\"article\" \/>\n<meta property=\"og:title\" content=\"libros de Josh Mcdowell - Marketing Pages\" \/>\n<meta property=\"og:description\" content=\"SUPERA TUS LUCHAS. CUMPLE TUS ANHELOS M\u00c1S PROFUNDOS. TODA TU VIDA TE ESPERA. \u00a1Comprar Ahora! ELOGIOS AL LIBRO PLENITUD DE VIDA \u00abEn Plenitud de vida, Josh y Ben nos ayudan a enfrentarnos a nues\u00adtras luchas. Ese es el motivo por el que nos sentimos atascados en la vida, por el que nuestros intentos de crecimiento [&hellip;]\" \/>\n<meta property=\"og:url\" content=\"https:\/\/staging.editorialhccp.hcusweb.com\/r\/libros-de-josh-mcdowell\/\" \/>\n<meta property=\"og:site_name\" content=\"Marketing Pages\" \/>\n<meta name=\"twitter:card\" content=\"summary_large_image\" \/>\n<meta name=\"twitter:label1\" content=\"Est. reading time\" \/>\n\t<meta name=\"twitter:data1\" content=\"8 minutes\" \/>\n<script type=\"application\/ld+json\" class=\"yoast-schema-graph\">{\"@context\":\"https:\\\/\\\/schema.org\",\"@graph\":[{\"@type\":\"WebPage\",\"@id\":\"https:\\\/\\\/staging.editorialhccp.hcusweb.com\\\/r\\\/libros-de-josh-mcdowell\\\/\",\"url\":\"https:\\\/\\\/staging.editorialhccp.hcusweb.com\\\/r\\\/libros-de-josh-mcdowell\\\/\",\"name\":\"libros de Josh Mcdowell - Marketing Pages\",\"isPartOf\":{\"@id\":\"https:\\\/\\\/staging.editorialhccp.hcusweb.com\\\/r\\\/#website\"},\"datePublished\":\"2022-06-24T06:21:03+00:00\",\"breadcrumb\":{\"@id\":\"https:\\\/\\\/staging.editorialhccp.hcusweb.com\\\/r\\\/libros-de-josh-mcdowell\\\/#breadcrumb\"},\"inLanguage\":\"en-US\",\"potentialAction\":[{\"@type\":\"ReadAction\",\"target\":[\"https:\\\/\\\/staging.editorialhccp.hcusweb.com\\\/r\\\/libros-de-josh-mcdowell\\\/\"]}]},{\"@type\":\"BreadcrumbList\",\"@id\":\"https:\\\/\\\/staging.editorialhccp.hcusweb.com\\\/r\\\/libros-de-josh-mcdowell\\\/#breadcrumb\",\"itemListElement\":[{\"@type\":\"ListItem\",\"position\":1,\"name\":\"Home\",\"item\":\"https:\\\/\\\/staging.editorialhccp.hcusweb.com\\\/r\\\/\"},{\"@type\":\"ListItem\",\"position\":2,\"name\":\"libros de Josh Mcdowell\"}]},{\"@type\":\"WebSite\",\"@id\":\"https:\\\/\\\/staging.editorialhccp.hcusweb.com\\\/r\\\/#website\",\"url\":\"https:\\\/\\\/staging.editorialhccp.hcusweb.com\\\/r\\\/\",\"name\":\"Marketing Pages\",\"description\":\"\",\"potentialAction\":[{\"@type\":\"SearchAction\",\"target\":{\"@type\":\"EntryPoint\",\"urlTemplate\":\"https:\\\/\\\/staging.editorialhccp.hcusweb.com\\\/r\\\/?s={search_term_string}\"},\"query-input\":{\"@type\":\"PropertyValueSpecification\",\"valueRequired\":true,\"valueName\":\"search_term_string\"}}],\"inLanguage\":\"en-US\"}]}<\/script>\n<!-- \/ Yoast SEO plugin. -->","yoast_head_json":{"title":"libros de Josh Mcdowell - Marketing Pages","robots":{"index":"index","follow":"follow","max-snippet":"max-snippet:-1","max-image-preview":"max-image-preview:large","max-video-preview":"max-video-preview:-1"},"canonical":"https:\/\/staging.editorialhccp.hcusweb.com\/r\/libros-de-josh-mcdowell\/","og_locale":"en_US","og_type":"article","og_title":"libros de Josh Mcdowell - Marketing Pages","og_description":"SUPERA TUS LUCHAS. CUMPLE TUS ANHELOS M\u00c1S PROFUNDOS. TODA TU VIDA TE ESPERA. \u00a1Comprar Ahora! ELOGIOS AL LIBRO PLENITUD DE VIDA \u00abEn Plenitud de vida, Josh y Ben nos ayudan a enfrentarnos a nues\u00adtras luchas. Ese es el motivo por el que nos sentimos atascados en la vida, por el que nuestros intentos de crecimiento [&hellip;]","og_url":"https:\/\/staging.editorialhccp.hcusweb.com\/r\/libros-de-josh-mcdowell\/","og_site_name":"Marketing Pages","twitter_card":"summary_large_image","twitter_misc":{"Est. reading time":"8 minutes"},"schema":{"@context":"https:\/\/schema.org","@graph":[{"@type":"WebPage","@id":"https:\/\/staging.editorialhccp.hcusweb.com\/r\/libros-de-josh-mcdowell\/","url":"https:\/\/staging.editorialhccp.hcusweb.com\/r\/libros-de-josh-mcdowell\/","name":"libros de Josh Mcdowell - Marketing Pages","isPartOf":{"@id":"https:\/\/staging.editorialhccp.hcusweb.com\/r\/#website"},"datePublished":"2022-06-24T06:21:03+00:00","breadcrumb":{"@id":"https:\/\/staging.editorialhccp.hcusweb.com\/r\/libros-de-josh-mcdowell\/#breadcrumb"},"inLanguage":"en-US","potentialAction":[{"@type":"ReadAction","target":["https:\/\/staging.editorialhccp.hcusweb.com\/r\/libros-de-josh-mcdowell\/"]}]},{"@type":"BreadcrumbList","@id":"https:\/\/staging.editorialhccp.hcusweb.com\/r\/libros-de-josh-mcdowell\/#breadcrumb","itemListElement":[{"@type":"ListItem","position":1,"name":"Home","item":"https:\/\/staging.editorialhccp.hcusweb.com\/r\/"},{"@type":"ListItem","position":2,"name":"libros de Josh Mcdowell"}]},{"@type":"WebSite","@id":"https:\/\/staging.editorialhccp.hcusweb.com\/r\/#website","url":"https:\/\/staging.editorialhccp.hcusweb.com\/r\/","name":"Marketing Pages","description":"","potentialAction":[{"@type":"SearchAction","target":{"@type":"EntryPoint","urlTemplate":"https:\/\/staging.editorialhccp.hcusweb.com\/r\/?s={search_term_string}"},"query-input":{"@type":"PropertyValueSpecification","valueRequired":true,"valueName":"search_term_string"}}],"inLanguage":"en-US"}]}},"_links":{"self":[{"href":"https:\/\/staging.editorialhccp.hcusweb.com\/r\/wp-json\/wp\/v2\/pages\/10353","targetHints":{"allow":["GET"]}}],"collection":[{"href":"https:\/\/staging.editorialhccp.hcusweb.com\/r\/wp-json\/wp\/v2\/pages"}],"about":[{"href":"https:\/\/staging.editorialhccp.hcusweb.com\/r\/wp-json\/wp\/v2\/types\/page"}],"replies":[{"embeddable":true,"href":"https:\/\/staging.editorialhccp.hcusweb.com\/r\/wp-json\/wp\/v2\/comments?post=10353"}],"version-history":[{"count":0,"href":"https:\/\/staging.editorialhccp.hcusweb.com\/r\/wp-json\/wp\/v2\/pages\/10353\/revisions"}],"wp:attachment":[{"href":"https:\/\/staging.editorialhccp.hcusweb.com\/r\/wp-json\/wp\/v2\/media?parent=10353"}],"curies":[{"name":"wp","href":"https:\/\/api.w.org\/{rel}","templated":true}]}}