{"id":1383,"date":"2018-06-27T16:43:11","date_gmt":"2018-06-27T15:43:11","guid":{"rendered":"http:\/\/info.recursosparalaiglesia.com\/?page_id=1383"},"modified":"2018-06-27T16:43:11","modified_gmt":"2018-06-27T15:43:11","slug":"tubibliaideal","status":"publish","type":"page","link":"https:\/\/staging.editorialhccp.hcusweb.com\/r\/tubibliaideal\/","title":{"rendered":"\u00bfCu\u00e1nto sabes de la Biblia?"},"content":{"rendered":"\n&nbsp;\n<h5><strong>DESCRIPCI\u00d3N:<\/strong> Este quiz te permitir\u00e1 descubrir cu\u00e1l traducci\u00f3n de la Biblia ideal para tu personalidad y estilo. Entre tantas traducciones en el idioma espa\u00f1ol, este quiz de sugerir\u00e1 una traducci\u00f3n de la Biblia que ideal para ti, permiti\u00e9ndote aprender m\u00e1s acerca de Dios y su plan para tu vida. El quiz consta de 7 preguntas y considera factores como qu\u00e9 tipo de literatura te gusta leer, estilo de pronombres, tipo de estudio b\u00edblico y m\u00e1s preguntas b\u00e1sicas sobre tu uso de la Biblia. Si disfrutas de este quiz, comp\u00e1rtelo con tus amigos en las redes sociales. <strong>Cortes\u00eda de Editorial Vida y Grupo Nelson.<\/strong><\/h5>\n<h1 style=\"text-align: center;margin-bottom: 10px\">Lee p\u00e1ginas de muestra y conoce m\u00e1s sobre cada traducci\u00f3n:<\/h1>\n<h1 style=\"text-align: center;color: #007cc3\"><a href=\"http:\/\/info.recursosparalaiglesia.com\/biblia-rvr\">Biblia-RVR.com<\/a> | <a href=\"http:\/\/info.recursosparalaiglesia.com\/biblia-nvi\">Biblia-NVI.com<\/a> | <a href=\"http:\/\/info.recursosparalaiglesia.com\/lbla\/\">Biblia-LBLA.com<\/a><\/h1>\n<a href=\"http:\/\/www.gruponelson.com\" target=\"_self\" rel=\"noopener noreferrer\">\n<img loading=\"lazy\" decoding=\"async\" src=\"http:\/\/www.editorialhccp.com\/r\/wp-content\/uploads\/sites\/5\/2018\/02\/logos.jpg\" alt=\"logos\" width=\"800\" height=\"151\">\n<\/a>\n","protected":false},"excerpt":{"rendered":"<p>&nbsp; DESCRIPCI\u00d3N: Este quiz te permitir\u00e1 descubrir cu\u00e1l traducci\u00f3n de la Biblia ideal para tu personalidad y estilo. Entre tantas traducciones en el idioma espa\u00f1ol, este quiz de sugerir\u00e1 una traducci\u00f3n de la Biblia que ideal para ti, permiti\u00e9ndote aprender m\u00e1s acerca de Dios y su plan para tu vida. El quiz consta de 7 [&hellip;]<\/p>\n","protected":false},"author":0,"featured_media":1385,"parent":0,"menu_order":0,"comment_status":"closed","ping_status":"closed","template":"","meta":{"_acf_changed":false,"footnotes":""},"class_list":["post-1383","page","type-page","status-publish","has-post-thumbnail","hentry"],"acf":[],"yoast_head":"<!-- This site is optimized with the Yoast SEO Premium plugin v27.3 (Yoast SEO v27.3) - https:\/\/yoast.com\/product\/yoast-seo-premium-wordpress\/ -->\n<title>\u00bfCu\u00e1l Biblia debo leer? - Descubre cu\u00e1l es la mejor Biblia para ti<\/title>\n<meta name=\"description\" content=\"Este quiz te permitir\u00e1 descubrir cu\u00e1l traducci\u00f3n de la Biblia es la que m\u00e1s se adapta a tu personalidad y estilo. Entre tantas traducciones, este quiz de ayudar\u00e1 a elegir la Biblia correcta para que logres aprender m\u00e1s acerca de Dios y su plan para tu vida.\" \/>\n<meta name=\"robots\" content=\"index, follow, max-snippet:-1, max-image-preview:large, max-video-preview:-1\" \/>\n<link rel=\"canonical\" href=\"https:\/\/staging.editorialhccp.hcusweb.com\/r\/tubibliaideal\/\" \/>\n<meta property=\"og:locale\" content=\"en_US\" \/>\n<meta property=\"og:type\" content=\"article\" \/>\n<meta property=\"og:title\" content=\"\u00bfCu\u00e1l Biblia debo leer? - Descubre cu\u00e1l es la mejor Biblia para ti\" \/>\n<meta property=\"og:description\" content=\"Este quiz te permitir\u00e1 descubrir cu\u00e1l traducci\u00f3n de la Biblia es la que m\u00e1s se adapta a tu personalidad y estilo. Entre tantas traducciones, este quiz de ayudar\u00e1 a elegir la Biblia correcta para que logres aprender m\u00e1s acerca de Dios y su plan para tu vida.\" \/>\n<meta property=\"og:url\" content=\"https:\/\/staging.editorialhccp.hcusweb.com\/r\/tubibliaideal\/\" \/>\n<meta property=\"og:site_name\" content=\"Marketing Pages\" \/>\n<meta property=\"og:image\" content=\"https:\/\/staging.editorialhccp.hcusweb.com\/r\/wp-content\/uploads\/sites\/5\/2018\/06\/quiz-bibliasFB.jpg\" \/>\n\t<meta property=\"og:image:width\" content=\"1200\" \/>\n\t<meta property=\"og:image:height\" content=\"630\" \/>\n\t<meta property=\"og:image:type\" content=\"image\/jpeg\" \/>\n<meta name=\"twitter:card\" content=\"summary_large_image\" \/>\n<meta name=\"twitter:title\" content=\"\u00bfCu\u00e1l Biblia debo leer? - Descubre cu\u00e1l es la mejor Biblia para ti\" \/>\n<meta name=\"twitter:description\" content=\"Este quiz te permitir\u00e1 descubrir cu\u00e1l traducci\u00f3n de la Biblia es la que m\u00e1s se adapta a tu personalidad y estilo. Entre tantas traducciones, este quiz de ayudar\u00e1 a elegir la Biblia correcta para que logres aprender m\u00e1s acerca de Dios y su plan para tu vida.\" \/>\n<meta name=\"twitter:image\" content=\"https:\/\/staging.editorialhccp.hcusweb.com\/wp-content\/uploads\/2018\/06\/27164419\/quiz-bibliasFB.jpg\" \/>\n<meta name=\"twitter:label1\" content=\"Est. reading time\" \/>\n\t<meta name=\"twitter:data1\" content=\"1 minute\" \/>\n<script type=\"application\/ld+json\" class=\"yoast-schema-graph\">{\"@context\":\"https:\\\/\\\/schema.org\",\"@graph\":[{\"@type\":\"WebPage\",\"@id\":\"https:\\\/\\\/staging.editorialhccp.hcusweb.com\\\/r\\\/tubibliaideal\\\/\",\"url\":\"https:\\\/\\\/staging.editorialhccp.hcusweb.com\\\/r\\\/tubibliaideal\\\/\",\"name\":\"\u00bfCu\u00e1l Biblia debo leer? - Descubre cu\u00e1l es la mejor Biblia para ti\",\"isPartOf\":{\"@id\":\"https:\\\/\\\/staging.editorialhccp.hcusweb.com\\\/r\\\/#website\"},\"primaryImageOfPage\":{\"@id\":\"https:\\\/\\\/staging.editorialhccp.hcusweb.com\\\/r\\\/tubibliaideal\\\/#primaryimage\"},\"image\":{\"@id\":\"https:\\\/\\\/staging.editorialhccp.hcusweb.com\\\/r\\\/tubibliaideal\\\/#primaryimage\"},\"thumbnailUrl\":\"https:\\\/\\\/staging.editorialhccp.hcusweb.com\\\/r\\\/wp-content\\\/uploads\\\/sites\\\/5\\\/2018\\\/06\\\/quiz-bibliasFB.jpg\",\"datePublished\":\"2018-06-27T15:43:11+00:00\",\"description\":\"Este quiz te permitir\u00e1 descubrir cu\u00e1l traducci\u00f3n de la Biblia es la que m\u00e1s se adapta a tu personalidad y estilo. Entre tantas traducciones, este quiz de ayudar\u00e1 a elegir la Biblia correcta para que logres aprender m\u00e1s acerca de Dios y su plan para tu vida.\",\"breadcrumb\":{\"@id\":\"https:\\\/\\\/staging.editorialhccp.hcusweb.com\\\/r\\\/tubibliaideal\\\/#breadcrumb\"},\"inLanguage\":\"en-US\",\"potentialAction\":[{\"@type\":\"ReadAction\",\"target\":[\"https:\\\/\\\/staging.editorialhccp.hcusweb.com\\\/r\\\/tubibliaideal\\\/\"]}]},{\"@type\":\"ImageObject\",\"inLanguage\":\"en-US\",\"@id\":\"https:\\\/\\\/staging.editorialhccp.hcusweb.com\\\/r\\\/tubibliaideal\\\/#primaryimage\",\"url\":\"https:\\\/\\\/staging.editorialhccp.hcusweb.com\\\/r\\\/wp-content\\\/uploads\\\/sites\\\/5\\\/2018\\\/06\\\/quiz-bibliasFB.jpg\",\"contentUrl\":\"https:\\\/\\\/staging.editorialhccp.hcusweb.com\\\/r\\\/wp-content\\\/uploads\\\/sites\\\/5\\\/2018\\\/06\\\/quiz-bibliasFB.jpg\",\"width\":1200,\"height\":630,\"caption\":\"cual biblia debo leer\"},{\"@type\":\"BreadcrumbList\",\"@id\":\"https:\\\/\\\/staging.editorialhccp.hcusweb.com\\\/r\\\/tubibliaideal\\\/#breadcrumb\",\"itemListElement\":[{\"@type\":\"ListItem\",\"position\":1,\"name\":\"Home\",\"item\":\"https:\\\/\\\/staging.editorialhccp.hcusweb.com\\\/r\\\/\"},{\"@type\":\"ListItem\",\"position\":2,\"name\":\"\u00bfCu\u00e1nto sabes de la Biblia?\"}]},{\"@type\":\"WebSite\",\"@id\":\"https:\\\/\\\/staging.editorialhccp.hcusweb.com\\\/r\\\/#website\",\"url\":\"https:\\\/\\\/staging.editorialhccp.hcusweb.com\\\/r\\\/\",\"name\":\"Marketing Pages\",\"description\":\"\",\"potentialAction\":[{\"@type\":\"SearchAction\",\"target\":{\"@type\":\"EntryPoint\",\"urlTemplate\":\"https:\\\/\\\/staging.editorialhccp.hcusweb.com\\\/r\\\/?s={search_term_string}\"},\"query-input\":{\"@type\":\"PropertyValueSpecification\",\"valueRequired\":true,\"valueName\":\"search_term_string\"}}],\"inLanguage\":\"en-US\"}]}<\/script>\n<!-- \/ Yoast SEO Premium plugin. -->","yoast_head_json":{"title":"\u00bfCu\u00e1l Biblia debo leer? - Descubre cu\u00e1l es la mejor Biblia para ti","description":"Este quiz te permitir\u00e1 descubrir cu\u00e1l traducci\u00f3n de la Biblia es la que m\u00e1s se adapta a tu personalidad y estilo. Entre tantas traducciones, este quiz de ayudar\u00e1 a elegir la Biblia correcta para que logres aprender m\u00e1s acerca de Dios y su plan para tu vida.","robots":{"index":"index","follow":"follow","max-snippet":"max-snippet:-1","max-image-preview":"max-image-preview:large","max-video-preview":"max-video-preview:-1"},"canonical":"https:\/\/staging.editorialhccp.hcusweb.com\/r\/tubibliaideal\/","og_locale":"en_US","og_type":"article","og_title":"\u00bfCu\u00e1l Biblia debo leer? - Descubre cu\u00e1l es la mejor Biblia para ti","og_description":"Este quiz te permitir\u00e1 descubrir cu\u00e1l traducci\u00f3n de la Biblia es la que m\u00e1s se adapta a tu personalidad y estilo. Entre tantas traducciones, este quiz de ayudar\u00e1 a elegir la Biblia correcta para que logres aprender m\u00e1s acerca de Dios y su plan para tu vida.","og_url":"https:\/\/staging.editorialhccp.hcusweb.com\/r\/tubibliaideal\/","og_site_name":"Marketing Pages","og_image":[{"width":1200,"height":630,"url":"https:\/\/staging.editorialhccp.hcusweb.com\/r\/wp-content\/uploads\/sites\/5\/2018\/06\/quiz-bibliasFB.jpg","type":"image\/jpeg"}],"twitter_card":"summary_large_image","twitter_title":"\u00bfCu\u00e1l Biblia debo leer? - Descubre cu\u00e1l es la mejor Biblia para ti","twitter_description":"Este quiz te permitir\u00e1 descubrir cu\u00e1l traducci\u00f3n de la Biblia es la que m\u00e1s se adapta a tu personalidad y estilo. Entre tantas traducciones, este quiz de ayudar\u00e1 a elegir la Biblia correcta para que logres aprender m\u00e1s acerca de Dios y su plan para tu vida.","twitter_image":"https:\/\/staging.editorialhccp.hcusweb.com\/wp-content\/uploads\/2018\/06\/27164419\/quiz-bibliasFB.jpg","twitter_misc":{"Est. reading time":"1 minute"},"schema":{"@context":"https:\/\/schema.org","@graph":[{"@type":"WebPage","@id":"https:\/\/staging.editorialhccp.hcusweb.com\/r\/tubibliaideal\/","url":"https:\/\/staging.editorialhccp.hcusweb.com\/r\/tubibliaideal\/","name":"\u00bfCu\u00e1l Biblia debo leer? - Descubre cu\u00e1l es la mejor Biblia para ti","isPartOf":{"@id":"https:\/\/staging.editorialhccp.hcusweb.com\/r\/#website"},"primaryImageOfPage":{"@id":"https:\/\/staging.editorialhccp.hcusweb.com\/r\/tubibliaideal\/#primaryimage"},"image":{"@id":"https:\/\/staging.editorialhccp.hcusweb.com\/r\/tubibliaideal\/#primaryimage"},"thumbnailUrl":"https:\/\/staging.editorialhccp.hcusweb.com\/r\/wp-content\/uploads\/sites\/5\/2018\/06\/quiz-bibliasFB.jpg","datePublished":"2018-06-27T15:43:11+00:00","description":"Este quiz te permitir\u00e1 descubrir cu\u00e1l traducci\u00f3n de la Biblia es la que m\u00e1s se adapta a tu personalidad y estilo. Entre tantas traducciones, este quiz de ayudar\u00e1 a elegir la Biblia correcta para que logres aprender m\u00e1s acerca de Dios y su plan para tu vida.","breadcrumb":{"@id":"https:\/\/staging.editorialhccp.hcusweb.com\/r\/tubibliaideal\/#breadcrumb"},"inLanguage":"en-US","potentialAction":[{"@type":"ReadAction","target":["https:\/\/staging.editorialhccp.hcusweb.com\/r\/tubibliaideal\/"]}]},{"@type":"ImageObject","inLanguage":"en-US","@id":"https:\/\/staging.editorialhccp.hcusweb.com\/r\/tubibliaideal\/#primaryimage","url":"https:\/\/staging.editorialhccp.hcusweb.com\/r\/wp-content\/uploads\/sites\/5\/2018\/06\/quiz-bibliasFB.jpg","contentUrl":"https:\/\/staging.editorialhccp.hcusweb.com\/r\/wp-content\/uploads\/sites\/5\/2018\/06\/quiz-bibliasFB.jpg","width":1200,"height":630,"caption":"cual biblia debo leer"},{"@type":"BreadcrumbList","@id":"https:\/\/staging.editorialhccp.hcusweb.com\/r\/tubibliaideal\/#breadcrumb","itemListElement":[{"@type":"ListItem","position":1,"name":"Home","item":"https:\/\/staging.editorialhccp.hcusweb.com\/r\/"},{"@type":"ListItem","position":2,"name":"\u00bfCu\u00e1nto sabes de la Biblia?"}]},{"@type":"WebSite","@id":"https:\/\/staging.editorialhccp.hcusweb.com\/r\/#website","url":"https:\/\/staging.editorialhccp.hcusweb.com\/r\/","name":"Marketing Pages","description":"","potentialAction":[{"@type":"SearchAction","target":{"@type":"EntryPoint","urlTemplate":"https:\/\/staging.editorialhccp.hcusweb.com\/r\/?s={search_term_string}"},"query-input":{"@type":"PropertyValueSpecification","valueRequired":true,"valueName":"search_term_string"}}],"inLanguage":"en-US"}]}},"_links":{"self":[{"href":"https:\/\/staging.editorialhccp.hcusweb.com\/r\/wp-json\/wp\/v2\/pages\/1383","targetHints":{"allow":["GET"]}}],"collection":[{"href":"https:\/\/staging.editorialhccp.hcusweb.com\/r\/wp-json\/wp\/v2\/pages"}],"about":[{"href":"https:\/\/staging.editorialhccp.hcusweb.com\/r\/wp-json\/wp\/v2\/types\/page"}],"replies":[{"embeddable":true,"href":"https:\/\/staging.editorialhccp.hcusweb.com\/r\/wp-json\/wp\/v2\/comments?post=1383"}],"version-history":[{"count":0,"href":"https:\/\/staging.editorialhccp.hcusweb.com\/r\/wp-json\/wp\/v2\/pages\/1383\/revisions"}],"wp:featuredmedia":[{"embeddable":true,"href":"https:\/\/staging.editorialhccp.hcusweb.com\/r\/wp-json\/wp\/v2\/media\/1385"}],"wp:attachment":[{"href":"https:\/\/staging.editorialhccp.hcusweb.com\/r\/wp-json\/wp\/v2\/media?parent=1383"}],"curies":[{"name":"wp","href":"https:\/\/api.w.org\/{rel}","templated":true}]}}