{"id":14693,"date":"2023-06-23T20:45:20","date_gmt":"2023-06-23T20:45:20","guid":{"rendered":"\/r\/?page_id=14693"},"modified":"2023-06-23T20:45:20","modified_gmt":"2023-06-23T20:45:20","slug":"santa-biblia-edicion-artistica","status":"publish","type":"page","link":"https:\/\/staging.editorialhccp.hcusweb.com\/r\/santa-biblia-edicion-artistica\/","title":{"rendered":"Santa Biblia Edici\u00f3n Art\u00edstica"},"content":{"rendered":"\n\n\t\t\t\t<img loading=\"lazy\" decoding=\"async\" src=\"\/r\/wp-content\/uploads\/sites\/5\/2023\/06\/Untitled-2.png\" alt=\"Untitled-2\" height=\"1080\" width=\"1920\" title=\"Untitled-2\" \/>\n\t\t\t<button role=\"button\" aria-label=\"Menu\">\n\t\t\t\t\t\t\t<\/button>\n\t<nav aria-label=\"Biblia Artistica Ilustrada\">\n\t\t<ul id=\"menu-biblia-artistica-ilustrada\"><li id=\"menu-item-15325\"><a href=https:\/\/staging.editorialhccp.hcusweb.com\/r\/santa-biblia-edicion-artistica\/ role=\"link\">Inicio<\/a><\/li><li id=\"menu-item-15326\"><a href=https:\/\/staging.editorialhccp.hcusweb.com\/r\/santa-biblia-edicion-artistica\/#caracteristicas role=\"link\">Caracter\u00edsticas<\/a><\/li><li id=\"menu-item-15327\"><a href=https:\/\/staging.editorialhccp.hcusweb.com\/r\/santa-biblia-edicion-artistica\/#comprar role=\"link\">Donde comprar<\/a><\/li><li id=\"menu-item-15328\"><a href=https:\/\/staging.editorialhccp.hcusweb.com\/r\/santa-biblia-edicion-artistica\/#artistica role=\"link\">Edici\u00f3n Art\u00edstica<\/a><\/li><li id=\"menu-item-15329\"><a href=https:\/\/staging.editorialhccp.hcusweb.com\/r\/santa-biblia-edicion-artistica\/#ilustrada role=\"link\">Edici\u00f3n Art\u00edstica Ilustrada<\/a><\/li><li id=\"menu-item-15351\"><a href=https:\/\/staging.editorialhccp.hcusweb.com\/r\/santa-biblia-edicion-artistica\/#gratis role=\"link\">Muestra gratis<\/a><\/li><\/ul>\n\t\t\t<\/nav>\n\t<p>Biblia Edici\u00f3n Art\u00edstica Ilustrada NBLA<\/p>\n\t\t\t\t<img decoding=\"async\" src=\"https:\/\/staging.editorialhccp.hcusweb.com\/r\/wp-content\/uploads\/sites\/5\/2023\/09\/12-9780829772524.variations.01-copy.jpg\" alt=\"12 9780829772524.variations.01 copy\" title=\"12 9780829772524.variations.01 copy\" \/>\n\t<p>Encuentra a\u00fan mayor belleza en la Palabra de Dios mientras descubres la sabidur\u00eda que te sostendr\u00e1 en cada temporada. D\u00e9jete llevar por el esplendor de la Palabra de Dios con el bello y exclusivo arte de los versos ilustrados y las im\u00e1genes alentadoras que complementan las Escrituras. Mientras reflexionas, llena los amplios m\u00e1rgenes de esta Biblia con tus pensamientos, diarios y obras de arte para colorear.<\/p>\n\t<p>Con cientos de vers\u00edculos ilustrados y un tipo de letra muy legible, la Biblia NBLA Edici\u00f3n Art\u00edstica Ilustrada, ofrece un tratamiento visual \u00fanico de las Escrituras para un tiempo de reflexi\u00f3n m\u00e1s hermoso.<\/p>\n\t\t\t<a href=https:\/\/staging.editorialhccp.hcusweb.com\/r\/wp-content\/uploads\/sites\/5\/2023\/09\/Muestra-Biblia-Artistica-Ilustrada-.pdf target=\"_blank\" rel=\"noopener\">\n\t\t\t\t\t\t\tDescargar Muestra Gratis\n\t\t\t\t\t<\/a>\n\t\t\t\t<img loading=\"lazy\" decoding=\"async\" src=\"\/r\/wp-content\/uploads\/sites\/5\/2023\/09\/9780829772524.interior.description.02-scaled.jpg\" alt=\"9780829772524.interior.description.02\" height=\"1440\" width=\"2560\" title=\"9780829772524.interior.description.02\" \/>\n\t<ul>\n<li>Texto completo de la Nueva Biblia de Las Am\u00e9ricas<\/li>\n<li>M\u00e1s de 450 ilustraciones en vers\u00edculos e im\u00e1genes para colorear<\/li>\n<\/ul>\n\t<ul>\n<li>Papel blanco grueso para escribir y dibujar<\/li>\n<li>Amplios m\u00e1rgenes punteados para notas y reflexiones<\/li>\n<li>Palabras de Jes\u00fas en rojo<\/li>\n<li>Marcador de cinta de sat\u00e9n<\/li>\n<\/ul>\n\t<ul>\n<li>Plan de Lectura<\/li>\n<li>Plan de Salvaci\u00f3n<\/li>\n<li>Cubierta de hermoso dise\u00f1o en Leathersoft\u2122 y tapa dura tapizada en tela<\/li>\n<li>Tipograf\u00eda exclusiva Comfort Print<sup>\u00ae <\/sup>de Vida<sup><br \/>\n<\/sup><\/li>\n<\/ul>\n\t<p>Biblias Edici\u00f3n Art\u00edstica<\/p>\n\t\t\t\t<img loading=\"lazy\" decoding=\"async\" src=\"\/r\/wp-content\/uploads\/sites\/5\/2023\/06\/blue-bible-.png\" alt=\"blue bible\" height=\"1086\" width=\"711\" title=\"blue bible\" \/>\n\t<p>La\u00a0NVI Edici\u00f3n Art\u00edstica\u00a0posee una hermosa cubierta en tela con un dise\u00f1o dibujado a mano sobre una conveniente presentaci\u00f3n en tapa dura. En adici\u00f3n a su capa protectora en dorado art\u00edstico en los cantos que proporciona mayor durabilidad del papel y un interior con l\u00edneas punteadas ideales para tomas de apuntes y\/o dibujar, esta es la Biblia m\u00e1s hermosa y pr\u00e1ctica disponible en la traducci\u00f3n Nueva Versi\u00f3n Internacional.<\/p>\n<p>Gracias a un tipo de letra f\u00e1cil de leer y dise\u00f1ada por expertos para el texto de la Nueva Versi\u00f3n Internacional (NVI), el exclusivo tipo de letra Comfort Print \u00ae de Vida ofrece una experiencia de lectura suave que complementa la traducci\u00f3n de la Biblia al espa\u00f1ol contempor\u00e1neo m\u00e1s le\u00edda.<\/p>\n\t\t\t\t<img loading=\"lazy\" decoding=\"async\" src=\"\/r\/wp-content\/uploads\/sites\/5\/2023\/09\/2-.jpg\" alt=\"2\" height=\"1080\" width=\"1080\" title=\"2\" \/>\n\t<ul>\n<li>Cubierta con un dise\u00f1o hermoso pintado a mano impreso sobre tela suave y resistente<\/li>\n<li>Dos cintas marcadoras<\/li>\n<\/ul>\n\t\t\t\t<img loading=\"lazy\" decoding=\"async\" src=\"\/r\/wp-content\/uploads\/sites\/5\/2023\/09\/5.jpg\" alt=\"5\" height=\"1080\" width=\"1080\" title=\"5\" \/>\n\t<ul>\n<li>Canto brillante con dise\u00f1o en las p\u00e1ginas<\/li>\n<li>M\u00e1rgenes amplios, con l\u00edneas para tomar notas, dibujar y expresar tu creatividad<\/li>\n<\/ul>\n\t\t\t\t<img loading=\"lazy\" decoding=\"async\" src=\"\/r\/wp-content\/uploads\/sites\/5\/2023\/09\/4.jpg\" alt=\"4\" height=\"1080\" width=\"1080\" title=\"4\" \/>\n\t<ul>\n<li>Formato de texto b\u00edblico a una sola columna con una tipograf\u00eda de letra c\u00f3moda Comfort Print \u00ae<\/li>\n<li>Palabras de Jes\u00fas en rojo<\/li>\n<\/ul>\n\t<p>Adquiere tu favorita<\/p>\n\t\t\t\t<a href=\"https:\/\/www.amazon.com\/Valera-Biblia-Edici\u00f3n-Art\u00edstica-Spanish\/dp\/0829770593\/ref=sr_1_3?crid=1BEPVEYBNFI7N&amp;keywords=Biblia%2C+Edici\u00f3n+Art\u00edstica%2C&amp;qid=1695333103&amp;s=books&amp;sprefix=biblia%2C+edici\u00f3n+art\u00edstica%2C+%2Cstripbooks%2C132&amp;sr=1-3\" target=\"_blank\" rel=\"noopener\">\n\t\t\t\t<img loading=\"lazy\" decoding=\"async\" src=\"\/r\/wp-content\/uploads\/sites\/5\/2023\/09\/biblia-santa-2-.png\" alt=\"biblia santa 2\" height=\"1086\" width=\"711\" title=\"biblia santa 2\" \/>\n\t\t\t\t<\/a>\n\t<h1>Edici\u00f3n Art\u00edstica<br \/>\n(RVR 1960)<\/h1>\n\t\t\t<a href=\"https:\/\/www.amazon.com\/Valera-Biblia-Edici\u00f3n-Art\u00edstica-Spanish\/dp\/0829770593\/ref=sr_1_3?crid=1BEPVEYBNFI7N&amp;keywords=Biblia%2C+Edici\u00f3n+Art\u00edstica%2C&amp;qid=1695333103&amp;s=books&amp;sprefix=biblia%2C+edici\u00f3n+art\u00edstica%2C+%2Cstripbooks%2C132&amp;sr=1-3\" target=\"_blank\" rel=\"noopener\">\n\t\t\t\t\t\t\tComprar ahora\n\t\t\t\t\t<\/a>\n\t\t\t\t<a href=\"https:\/\/www.amazon.com\/dp\/0829702806\/ref=sspa_dk_detail_1?psc=1&amp;pd_rd_i=0829702806&amp;pd_rd_w=NYM7x&amp;content-id=amzn1.sym.f734d1a2-0bf9-4a26-ad34-2e1b969a5a75&amp;pf_rd_p=f734d1a2-0bf9-4a26-ad34-2e1b969a5a75&amp;pf_rd_r=XAMHWBJNZSEB188F2HQ3&amp;pd_rd_wg=LsRTQ&amp;pd_rd_r=2fb6e60d-a00a-45ab-ab0e-1c51dedb115a&amp;s=books&amp;sp_csd=d2lkZ2V0TmFtZT1zcF9kZXRhaWw\" target=\"_blank\" rel=\"noopener\">\n\t\t\t\t<img loading=\"lazy\" decoding=\"async\" src=\"\/r\/wp-content\/uploads\/sites\/5\/2023\/09\/santa-biblia-.png\" alt=\"santa biblia\" height=\"1086\" width=\"711\" title=\"santa biblia\" \/>\n\t\t\t\t<\/a>\n\t<h1>Edici\u00f3n Art\u00edstica<br \/>\n(NBLA)<\/h1>\n\t\t\t<a href=\"https:\/\/www.amazon.com\/dp\/0829702806\/ref=sspa_dk_detail_1?psc=1&amp;pd_rd_i=0829702806&amp;pd_rd_w=NYM7x&amp;content-id=amzn1.sym.f734d1a2-0bf9-4a26-ad34-2e1b969a5a75&amp;pf_rd_p=f734d1a2-0bf9-4a26-ad34-2e1b969a5a75&amp;pf_rd_r=XAMHWBJNZSEB188F2HQ3&amp;pd_rd_wg=LsRTQ&amp;pd_rd_r=2fb6e60d-a00a-45ab-ab0e-1c51dedb115a&amp;s=books&amp;sp_csd=d2lkZ2V0TmFtZT1zcF9kZXRhaWw\" target=\"_blank\" rel=\"noopener\">\n\t\t\t\t\t\t\tComprar ahora\n\t\t\t\t\t<\/a>\n\t\t\t\t<a href=\"https:\/\/www.amazon.com\/revisado-Edici\u00f3n-Art\u00edstica-Palabras-Spanish\/dp\/0829771867\/ref=sr_1_7?crid=3RGIRQWDJE7WK&amp;keywords=BIBLIA+ARTISTICA&amp;qid=1695333021&amp;sprefix=biblia+artistic%2Caps%2C141&amp;sr=8-7\" target=\"_blank\" rel=\"noopener\">\n\t\t\t\t<img loading=\"lazy\" decoding=\"async\" src=\"\/r\/wp-content\/uploads\/sites\/5\/2023\/06\/blue-bible-.png\" alt=\"blue bible\" height=\"1086\" width=\"711\" title=\"blue bible\" \/>\n\t\t\t\t<\/a>\n\t<h1>Edici\u00f3n Art\u00edstica<br \/>\n(NVI)<\/h1>\n\t\t\t<a href=\"https:\/\/www.amazon.com\/revisado-Edici\u00f3n-Art\u00edstica-Palabras-Spanish\/dp\/0829771867\/ref=sr_1_7?crid=3RGIRQWDJE7WK&amp;keywords=BIBLIA+ARTISTICA&amp;qid=1695333021&amp;sprefix=biblia+artistic%2Caps%2C141&amp;sr=8-7\" target=\"_blank\" rel=\"noopener\">\n\t\t\t\t\t\t\tComprar ahora\n\t\t\t\t\t<\/a>\n\t\t\t\t<a href=\"https:\/\/www.amazon.com\/dp\/0829772510?tag=editorialvida-20\" target=\"_blank\" rel=\"noopener\">\n\t\t\t\t<img loading=\"lazy\" decoding=\"async\" src=\"\/r\/wp-content\/uploads\/sites\/5\/2023\/06\/9780310454243.PT11.png\" alt=\"9780310454243.PT11\" height=\"1086\" width=\"711\" title=\"9780310454243.PT11\" \/>\n\t\t\t\t<\/a>\n\t<h1>Edici\u00f3n Art\u00edstica Ilustrada<br \/>\n(NBLA)<\/h1>\n\t\t\t<a href=\"https:\/\/www.amazon.com\/dp\/0829772510?tag=editorialvida-20\" target=\"_blank\" rel=\"noopener\">\n\t\t\t\t\t\t\tComprar ahora\n\t\t\t\t\t<\/a>\n\t\t\t\t<a href=\"http:\/\/aps.harpercollins.com\/editorialvida?isbn=9780829772524&amp;retailer=amazon&amp;locale=US\" target=\"_blank\" rel=\"noopener\">\n\t\t\t\t<img loading=\"lazy\" decoding=\"async\" src=\"\/r\/wp-content\/uploads\/sites\/5\/2023\/06\/edicion-artisrtica-.png\" alt=\"edicion artisrtica\" height=\"1086\" width=\"711\" title=\"edicion artisrtica\" \/>\n\t\t\t\t<\/a>\n\t<h1>Edici\u00f3n Art\u00edstica Ilustrada<br \/>\n(NBLA)<\/h1>\n\t\t\t<a href=\"http:\/\/aps.harpercollins.com\/editorialvida?isbn=9780829772524&amp;retailer=amazon&amp;locale=US\" target=\"_blank\" rel=\"noopener\">\n\t\t\t\t\t\t\tComprar ahora\n\t\t\t\t\t<\/a>\n\t\t\t\t<a href=\"https:\/\/www.amazon.com\/dp\/0829772510?tag=editorialvida-20\" target=\"_blank\" rel=\"noopener\">\n\t\t\t\t<img loading=\"lazy\" decoding=\"async\" src=\"\/r\/wp-content\/uploads\/sites\/5\/2020\/10\/Amazon-logo.png\" alt=\"Amazon-logo\" height=\"300\" width=\"600\" title=\"Amazon-logo\" \/>\n\t\t\t\t<\/a>\n\t\t\t\t<a href=\"http:\/\/aps.harpercollins.com\/editorialvida?isbn=9780829772524&amp;retailer=indiebound&amp;locale=US\" target=\"_blank\" rel=\"noopener\">\n\t\t\t\t<img loading=\"lazy\" decoding=\"async\" src=\"\/r\/wp-content\/uploads\/sites\/5\/2020\/10\/Indi-Bound-logo.png\" alt=\"Indi Bound-logo\" height=\"300\" width=\"600\" title=\"Indi Bound-logo\" \/>\n\t\t\t\t<\/a>\n\t\t\t\t<a href=\"http:\/\/aps.harpercollins.com\/editorialvida?isbn=9780829772517&amp;retailer=barnesandnoble&amp;locale=US\" target=\"_blank\" rel=\"noopener\">\n\t\t\t\t<img loading=\"lazy\" decoding=\"async\" src=\"\/r\/wp-content\/uploads\/sites\/5\/2020\/10\/barnes-noble-logo.png\" alt=\"barnes-noble-logo\" height=\"300\" width=\"600\" title=\"barnes-noble-logo\" \/>\n\t\t\t\t<\/a>\n\t\t\t\t<a href=\"http:\/\/aps.harpercollins.com\/editorialvida?isbn=9780829772517&amp;retailer=booksamillion&amp;locale=US\" target=\"_blank\" rel=\"noopener\">\n\t\t\t\t<img loading=\"lazy\" decoding=\"async\" src=\"\/r\/wp-content\/uploads\/sites\/5\/2020\/10\/Bam-logo.png\" alt=\"Bam-logo\" height=\"300\" width=\"600\" title=\"Bam-logo\" \/>\n\t\t\t\t<\/a>\n\t\t\t\t<a href=\"http:\/\/aps.harpercollins.com\/editorialvida?isbn=9780829772517&amp;retailer=bookshop&amp;locale=US\" target=\"_blank\" rel=\"noopener\">\n\t\t\t\t<img loading=\"lazy\" decoding=\"async\" src=\"\/r\/wp-content\/uploads\/sites\/5\/2020\/10\/bookshop-logo.png\" alt=\"bookshop-logo\" height=\"300\" width=\"600\" title=\"bookshop-logo\" \/>\n\t\t\t\t<\/a>\n\t\t\t\t<a href=\"http:\/\/aps.harpercollins.com\/editorialvida?isbn=9780829772517&amp;retailer=christianbooks&amp;locale=US\" target=\"_blank\" rel=\"noopener\">\n\t\t\t\t<img loading=\"lazy\" decoding=\"async\" src=\"\/r\/wp-content\/uploads\/sites\/5\/2023\/06\/christian-books-.png\" alt=\"christian books\" height=\"245\" width=\"384\" title=\"christian books\" \/>\n\t\t\t\t<\/a>\n\t\t\t\t<a href=\"https:\/\/www.walmart.com\/ip\/Nbla-Biblia-Edici-n-Art-stica-Ilustrada-Leathersoft-Multicolor-Crema-Palabras-de-Jes-s-En-Rojo-Hardcover-9780829772524\/3176444647?from=\/search\" target=\"_blank\" rel=\"noopener\">\n\t\t\t\t<img loading=\"lazy\" decoding=\"async\" src=\"\/r\/wp-content\/uploads\/sites\/5\/2021\/06\/walmart-retail.png\" alt=\"walmart\" height=\"301\" width=\"601\" title=\"walmart-retail\" \/>\n\t\t\t\t<\/a>\n\t\t\t\t<img loading=\"lazy\" decoding=\"async\" src=\"\/r\/wp-content\/uploads\/sites\/5\/2020\/10\/faithgateway-logo.png\" alt=\"faithgateway-logo\" height=\"300\" width=\"600\" title=\"faithgateway-logo\" \/>\n\t<p>En otro pa\u00eds<\/p>\n\n","protected":false},"excerpt":{"rendered":"<p>Inicio Caracter\u00edsticas Donde comprar Edici\u00f3n Art\u00edstica Edici\u00f3n Art\u00edstica Ilustrada Muestra gratis Biblia Edici\u00f3n Art\u00edstica Ilustrada NBLA Encuentra a\u00fan mayor belleza en la Palabra de Dios mientras descubres la sabidur\u00eda que te sostendr\u00e1 en cada temporada. D\u00e9jete llevar por el esplendor de la Palabra de Dios con el bello y exclusivo arte de los versos ilustrados [&hellip;]<\/p>\n","protected":false},"author":0,"featured_media":15417,"parent":0,"menu_order":0,"comment_status":"closed","ping_status":"closed","template":"","meta":{"_acf_changed":false,"footnotes":""},"class_list":["post-14693","page","type-page","status-publish","has-post-thumbnail","hentry"],"acf":[],"yoast_head":"<!-- This site is optimized with the Yoast SEO Premium plugin v27.3 (Yoast SEO v27.5) - https:\/\/yoast.com\/product\/yoast-seo-premium-wordpress\/ -->\n<title>Santa Biblia Edici\u00f3n Art\u00edstica - Marketing Pages<\/title>\n<meta name=\"robots\" content=\"index, follow, max-snippet:-1, max-image-preview:large, max-video-preview:-1\" \/>\n<link rel=\"canonical\" href=\"https:\/\/staging.editorialhccp.hcusweb.com\/r\/santa-biblia-edicion-artistica\/\" \/>\n<meta property=\"og:locale\" content=\"en_US\" \/>\n<meta property=\"og:type\" content=\"article\" \/>\n<meta property=\"og:title\" content=\"Santa Biblia Edici\u00f3n Art\u00edstica\" \/>\n<meta property=\"og:description\" content=\"Inicio Caracter\u00edsticas Donde comprar Edici\u00f3n Art\u00edstica Edici\u00f3n Art\u00edstica Ilustrada Muestra gratis Biblia Edici\u00f3n Art\u00edstica Ilustrada NBLA Encuentra a\u00fan mayor belleza en la Palabra de Dios mientras descubres la sabidur\u00eda que te sostendr\u00e1 en cada temporada. D\u00e9jete llevar por el esplendor de la Palabra de Dios con el bello y exclusivo arte de los versos ilustrados [&hellip;]\" \/>\n<meta property=\"og:url\" content=\"https:\/\/staging.editorialhccp.hcusweb.com\/r\/santa-biblia-edicion-artistica\/\" \/>\n<meta property=\"og:site_name\" content=\"Marketing Pages\" \/>\n<meta property=\"og:image\" content=\"https:\/\/staging.editorialhccp.hcusweb.com\/r\/wp-content\/uploads\/sites\/5\/2023\/09\/artistica-biblia-.png\" \/>\n\t<meta property=\"og:image:width\" content=\"1920\" \/>\n\t<meta property=\"og:image:height\" content=\"1080\" \/>\n\t<meta property=\"og:image:type\" content=\"image\/png\" \/>\n<meta name=\"twitter:card\" content=\"summary_large_image\" \/>\n<meta name=\"twitter:label1\" content=\"Est. reading time\" \/>\n\t<meta name=\"twitter:data1\" content=\"6 minutes\" \/>\n<script type=\"application\/ld+json\" class=\"yoast-schema-graph\">{\"@context\":\"https:\\\/\\\/schema.org\",\"@graph\":[{\"@type\":\"WebPage\",\"@id\":\"https:\\\/\\\/staging.editorialhccp.hcusweb.com\\\/r\\\/santa-biblia-edicion-artistica\\\/\",\"url\":\"https:\\\/\\\/staging.editorialhccp.hcusweb.com\\\/r\\\/santa-biblia-edicion-artistica\\\/\",\"name\":\"Santa Biblia Edici\u00f3n Art\u00edstica - Marketing Pages\",\"isPartOf\":{\"@id\":\"https:\\\/\\\/staging.editorialhccp.hcusweb.com\\\/r\\\/#website\"},\"primaryImageOfPage\":{\"@id\":\"https:\\\/\\\/staging.editorialhccp.hcusweb.com\\\/r\\\/santa-biblia-edicion-artistica\\\/#primaryimage\"},\"image\":{\"@id\":\"https:\\\/\\\/staging.editorialhccp.hcusweb.com\\\/r\\\/santa-biblia-edicion-artistica\\\/#primaryimage\"},\"thumbnailUrl\":\"https:\\\/\\\/staging.editorialhccp.hcusweb.com\\\/r\\\/wp-content\\\/uploads\\\/sites\\\/5\\\/2023\\\/09\\\/artistica-biblia-.png\",\"datePublished\":\"2023-06-23T20:45:20+00:00\",\"breadcrumb\":{\"@id\":\"https:\\\/\\\/staging.editorialhccp.hcusweb.com\\\/r\\\/santa-biblia-edicion-artistica\\\/#breadcrumb\"},\"inLanguage\":\"en-US\",\"potentialAction\":[{\"@type\":\"ReadAction\",\"target\":[\"https:\\\/\\\/staging.editorialhccp.hcusweb.com\\\/r\\\/santa-biblia-edicion-artistica\\\/\"]}]},{\"@type\":\"ImageObject\",\"inLanguage\":\"en-US\",\"@id\":\"https:\\\/\\\/staging.editorialhccp.hcusweb.com\\\/r\\\/santa-biblia-edicion-artistica\\\/#primaryimage\",\"url\":\"https:\\\/\\\/staging.editorialhccp.hcusweb.com\\\/r\\\/wp-content\\\/uploads\\\/sites\\\/5\\\/2023\\\/09\\\/artistica-biblia-.png\",\"contentUrl\":\"https:\\\/\\\/staging.editorialhccp.hcusweb.com\\\/r\\\/wp-content\\\/uploads\\\/sites\\\/5\\\/2023\\\/09\\\/artistica-biblia-.png\",\"width\":1920,\"height\":1080},{\"@type\":\"BreadcrumbList\",\"@id\":\"https:\\\/\\\/staging.editorialhccp.hcusweb.com\\\/r\\\/santa-biblia-edicion-artistica\\\/#breadcrumb\",\"itemListElement\":[{\"@type\":\"ListItem\",\"position\":1,\"name\":\"Home\",\"item\":\"https:\\\/\\\/staging.editorialhccp.hcusweb.com\\\/r\\\/\"},{\"@type\":\"ListItem\",\"position\":2,\"name\":\"Santa Biblia Edici\u00f3n Art\u00edstica\"}]},{\"@type\":\"WebSite\",\"@id\":\"https:\\\/\\\/staging.editorialhccp.hcusweb.com\\\/r\\\/#website\",\"url\":\"https:\\\/\\\/staging.editorialhccp.hcusweb.com\\\/r\\\/\",\"name\":\"Marketing Pages\",\"description\":\"\",\"potentialAction\":[{\"@type\":\"SearchAction\",\"target\":{\"@type\":\"EntryPoint\",\"urlTemplate\":\"https:\\\/\\\/staging.editorialhccp.hcusweb.com\\\/r\\\/?s={search_term_string}\"},\"query-input\":{\"@type\":\"PropertyValueSpecification\",\"valueRequired\":true,\"valueName\":\"search_term_string\"}}],\"inLanguage\":\"en-US\"}]}<\/script>\n<!-- \/ Yoast SEO Premium plugin. -->","yoast_head_json":{"title":"Santa Biblia Edici\u00f3n Art\u00edstica - Marketing Pages","robots":{"index":"index","follow":"follow","max-snippet":"max-snippet:-1","max-image-preview":"max-image-preview:large","max-video-preview":"max-video-preview:-1"},"canonical":"https:\/\/staging.editorialhccp.hcusweb.com\/r\/santa-biblia-edicion-artistica\/","og_locale":"en_US","og_type":"article","og_title":"Santa Biblia Edici\u00f3n Art\u00edstica","og_description":"Inicio Caracter\u00edsticas Donde comprar Edici\u00f3n Art\u00edstica Edici\u00f3n Art\u00edstica Ilustrada Muestra gratis Biblia Edici\u00f3n Art\u00edstica Ilustrada NBLA Encuentra a\u00fan mayor belleza en la Palabra de Dios mientras descubres la sabidur\u00eda que te sostendr\u00e1 en cada temporada. D\u00e9jete llevar por el esplendor de la Palabra de Dios con el bello y exclusivo arte de los versos ilustrados [&hellip;]","og_url":"https:\/\/staging.editorialhccp.hcusweb.com\/r\/santa-biblia-edicion-artistica\/","og_site_name":"Marketing Pages","og_image":[{"width":1920,"height":1080,"url":"https:\/\/staging.editorialhccp.hcusweb.com\/r\/wp-content\/uploads\/sites\/5\/2023\/09\/artistica-biblia-.png","type":"image\/png"}],"twitter_card":"summary_large_image","twitter_misc":{"Est. reading time":"6 minutes"},"schema":{"@context":"https:\/\/schema.org","@graph":[{"@type":"WebPage","@id":"https:\/\/staging.editorialhccp.hcusweb.com\/r\/santa-biblia-edicion-artistica\/","url":"https:\/\/staging.editorialhccp.hcusweb.com\/r\/santa-biblia-edicion-artistica\/","name":"Santa Biblia Edici\u00f3n Art\u00edstica - Marketing Pages","isPartOf":{"@id":"https:\/\/staging.editorialhccp.hcusweb.com\/r\/#website"},"primaryImageOfPage":{"@id":"https:\/\/staging.editorialhccp.hcusweb.com\/r\/santa-biblia-edicion-artistica\/#primaryimage"},"image":{"@id":"https:\/\/staging.editorialhccp.hcusweb.com\/r\/santa-biblia-edicion-artistica\/#primaryimage"},"thumbnailUrl":"https:\/\/staging.editorialhccp.hcusweb.com\/r\/wp-content\/uploads\/sites\/5\/2023\/09\/artistica-biblia-.png","datePublished":"2023-06-23T20:45:20+00:00","breadcrumb":{"@id":"https:\/\/staging.editorialhccp.hcusweb.com\/r\/santa-biblia-edicion-artistica\/#breadcrumb"},"inLanguage":"en-US","potentialAction":[{"@type":"ReadAction","target":["https:\/\/staging.editorialhccp.hcusweb.com\/r\/santa-biblia-edicion-artistica\/"]}]},{"@type":"ImageObject","inLanguage":"en-US","@id":"https:\/\/staging.editorialhccp.hcusweb.com\/r\/santa-biblia-edicion-artistica\/#primaryimage","url":"https:\/\/staging.editorialhccp.hcusweb.com\/r\/wp-content\/uploads\/sites\/5\/2023\/09\/artistica-biblia-.png","contentUrl":"https:\/\/staging.editorialhccp.hcusweb.com\/r\/wp-content\/uploads\/sites\/5\/2023\/09\/artistica-biblia-.png","width":1920,"height":1080},{"@type":"BreadcrumbList","@id":"https:\/\/staging.editorialhccp.hcusweb.com\/r\/santa-biblia-edicion-artistica\/#breadcrumb","itemListElement":[{"@type":"ListItem","position":1,"name":"Home","item":"https:\/\/staging.editorialhccp.hcusweb.com\/r\/"},{"@type":"ListItem","position":2,"name":"Santa Biblia Edici\u00f3n Art\u00edstica"}]},{"@type":"WebSite","@id":"https:\/\/staging.editorialhccp.hcusweb.com\/r\/#website","url":"https:\/\/staging.editorialhccp.hcusweb.com\/r\/","name":"Marketing Pages","description":"","potentialAction":[{"@type":"SearchAction","target":{"@type":"EntryPoint","urlTemplate":"https:\/\/staging.editorialhccp.hcusweb.com\/r\/?s={search_term_string}"},"query-input":{"@type":"PropertyValueSpecification","valueRequired":true,"valueName":"search_term_string"}}],"inLanguage":"en-US"}]}},"_links":{"self":[{"href":"https:\/\/staging.editorialhccp.hcusweb.com\/r\/wp-json\/wp\/v2\/pages\/14693","targetHints":{"allow":["GET"]}}],"collection":[{"href":"https:\/\/staging.editorialhccp.hcusweb.com\/r\/wp-json\/wp\/v2\/pages"}],"about":[{"href":"https:\/\/staging.editorialhccp.hcusweb.com\/r\/wp-json\/wp\/v2\/types\/page"}],"replies":[{"embeddable":true,"href":"https:\/\/staging.editorialhccp.hcusweb.com\/r\/wp-json\/wp\/v2\/comments?post=14693"}],"version-history":[{"count":0,"href":"https:\/\/staging.editorialhccp.hcusweb.com\/r\/wp-json\/wp\/v2\/pages\/14693\/revisions"}],"wp:featuredmedia":[{"embeddable":true,"href":"https:\/\/staging.editorialhccp.hcusweb.com\/r\/wp-json\/wp\/v2\/media\/15417"}],"wp:attachment":[{"href":"https:\/\/staging.editorialhccp.hcusweb.com\/r\/wp-json\/wp\/v2\/media?parent=14693"}],"curies":[{"name":"wp","href":"https:\/\/api.w.org\/{rel}","templated":true}]}}