{"id":16073,"date":"2024-03-01T19:06:43","date_gmt":"2024-03-01T19:06:43","guid":{"rendered":"\/r\/?page_id=16073"},"modified":"2024-03-01T19:06:43","modified_gmt":"2024-03-01T19:06:43","slug":"biblias-para-ninos","status":"publish","type":"page","link":"https:\/\/staging.editorialhccp.hcusweb.com\/r\/libros-cristianos-para-ninos\/biblias-para-ninos\/","title":{"rendered":"Biblias para ni\u00f1os"},"content":{"rendered":"\n\n\t\t\t\t<img loading=\"lazy\" decoding=\"async\" src=\"\/r\/wp-content\/uploads\/sites\/5\/2024\/02\/NINOS.png\" alt=\"NI\u00d1OS\" height=\"265\" width=\"800\" title=\"NI\u00d1OS\" \/>\n<h2>\n\t\tBiblia visual de estudio<br \/>para ni\u00f1os NBLA\n\t<\/h2>\n<h2>\n\t\t\u00a1La Biblia que despertar\u00e1 <br \/>tu curiosidad!\n\t<\/h2>\n\tLa NBLA, Biblia visual de estudio para ni\u00f1os se llena de vida con incre\u00edbles im\u00e1genes a todo color.<br \/>\nAl incluir m\u00e1s de 700 ilustraciones, fotograf\u00edas, infograf\u00edas y mapas localizados cerca del vers\u00edculo correspondiente, esta Biblia de estudio se transforma en un texto fascinante y repleto de los datos m\u00e1s interesantes de las Escrituras.\n<h2>\n\t\tCaracter\u00edsticas\n\t<\/h2>\n\t\u2022 M\u00e1s de 700 fotograf\u00edas, ilustraciones, infograf\u00edas y mapas a todo color<br \/>\n\u2022 Introducci\u00f3n a los libros con datos importantes m\u00e1s una imagen para orientar al lector<br \/>\n\u2022 Formato de una sola columna con notas de estudio laterales que facilitan la lectura<br \/>\n\u2022 \u00cdndice de mapas e infograf\u00eda<br \/>\n\u2022 P\u00e1gina de presentaci\u00f3n<br \/>\n\u2022 Marcador de cinta<br \/>\n\u2022 Texto completo de la Nueva Biblia de las Am\u00e9ricas (NBLA)<br \/>\n\u2022 Letra exclusiva f\u00e1cil de leer Comfort Print\u00ae\n\t\t\t<a href=\"https:\/\/www.amazon.com\/NBLA-Biblia-visual-estudio-ni%C3%B1os\/dp\/0829772421\/ref=sr_1_1?crid=2MZPZ709Q4NKE&amp;keywords=biblia+para+ni%C3%B1os+nbla&amp;qid=1706640424&amp;sprefix=biblia+para+ni%C3%B1os+nbla+%2Caps%2C100&amp;sr=8-1\" target=\"_self\" rel=\"noopener\">\n\t\t\t\t\t\t\t\u00a1LA QUIERO!\n\t\t\t\t\t<\/a>\n\t\t\t<img decoding=\"async\" loading='false' src=\"\/r\/wp-content\/uploads\/sites\/5\/2024\/03\/NBLA-visual-ninos.jpg\" alt=\"\" \/>\t\t\t\n\t\t\t<img decoding=\"async\" loading='false' src=\"\/r\/wp-content\/uploads\/sites\/5\/2024\/03\/9780829772425.social-media.10.jpg\" alt=\"\" \/>\t\t\t\n\t\t\t\t<img loading=\"lazy\" decoding=\"async\" src=\"\/r\/wp-content\/uploads\/sites\/5\/2024\/03\/NBLA-visual-ninos-interior.jpg\" alt=\"NBLA visual ni\u00f1os interior\" height=\"1125\" width=\"2000\" title=\"NBLA visual ni\u00f1os interior\" \/>\n<h2>\n\t\tExplora la Biblia: Personajes, lugares e\u00a0historia\n\t<\/h2>\n\t\t\t<a href=\"#descargas\" target=\"_self\" rel=\"noopener\">\n\t\t\t\t\t\t\t\u00a1DESCARGAR MUESTRA GRATIS!\n\t\t\t\t\t<\/a>\n\t\t\t<img decoding=\"async\" loading='false' src=\"\/r\/wp-content\/uploads\/sites\/5\/2024\/03\/nbla-aventura-lavida.png\" alt=\"\" \/>\t\t\t\n\t\t\t<img decoding=\"async\" loading='false' src=\"\/r\/wp-content\/uploads\/sites\/5\/2024\/03\/nbla-aventura-losabias.png\" alt=\"\" \/>\t\t\t\n\t\t\t<img decoding=\"async\" loading='false' src=\"\/r\/wp-content\/uploads\/sites\/5\/2024\/03\/nbla-aventura-palabras.png\" alt=\"\" \/>\t\t\t\n\t\t\t<img decoding=\"async\" loading='false' src=\"\/r\/wp-content\/uploads\/sites\/5\/2024\/03\/nbla-aventura-personajes.png\" alt=\"\" \/>\t\t\t\n\t\t\t<img decoding=\"async\" loading='false' src=\"\/r\/wp-content\/uploads\/sites\/5\/2024\/03\/nbla-aventura-vivela.png\" alt=\"\" \/>\t\t\t\n<h2>\n\t\tNBLA  Biblia Aventura\n\t<\/h2>\n<h2>\n\t\tiPrep\u00e1rate para una Aventura!\n\t<\/h2>\n\t<p>La Biblia Aventura\u00ae te lleva a un viaje divertido y sorprendente a trav\u00e9s de la Palabra de Dios. En el camino conocer\u00e1s todo tipo de personas, visitar\u00e1s lugares fascinantes y aprender\u00e1s cosas sorprendentes de la Biblia. Y, lo que es m\u00e1s importante, mejorar\u00e1s tu relaci\u00f3n con Dios.<\/p>\n<h2>\n\t\tMira lo que encontrar\u00e1s en\u00a0esta\u00a0Aventura:\n\t<\/h2>\n\t\u2022 Art\u00edculos e ilustraciones que describen como era a vida en\u00a0la\u00a0antig\u00fcedad<br \/>\n\u2022 Actividades pr\u00e1cticas con as que podr\u00e1s aplicar las ense\u00f1anzas de la Biblia\u00a0a\u00a0tu\u00a0vida<br \/>\n\u2022 Vers\u00edculos para memorizar<br \/>\n\u2022 Datos interesantes para poder entender la Palabra y vida<br \/>\n\u2022 Te ayudar\u00e1 a diferenciar a Zacar\u00edas de Sofon\u00edas, o Josafat de Jo\u00e1s.<br \/>\n\u2022 20 paginas especiales con informacion<br \/>\nbiblico divertido con tem\u00e1tico del sotori de la selva<br \/>\n\u2022 Introducciones de libros, un \u00cdndice de t\u00f3picos y\u00a0mapas\u00a0en\u00a0color\n\t\t\t<a href=\"https:\/\/na01.safelinks.protection.outlook.com\/?url=https%3A%2F%2Fwww.amazon.com%2FBiblia-Aventura-Interior-Magn%25C3%25A9tico-Spanish%2Fdp%2F0829772316%2Fref%3Dsr_1_1%3Fcrid%3DONPH1ZHDLHVH%26keywords%3Dnbla%2Baventura%26qid%3D1706646529%26sprefix%3Dnbla%2Baentura%252Caps%252C104%26sr%3D8-1&amp;data=05%7C02%7C%7C04da8b42727e4b475b8808dc21dd2916%7C84df9e7fe9f640afb435aaaaaaaaaaaa%7C1%7C0%7C638422480983122585%7CUnknown%7CTWFpbGZsb3d8eyJWIjoiMC4wLjAwMDAiLCJQIjoiV2luMzIiLCJBTiI6Ik1haWwiLCJXVCI6Mn0%3D%7C0%7C%7C%7C&amp;sdata=ayfIA%2BDS%2BVmL6q7lcbMszbPsK0X9I8J8uBeQZPBS3GI%3D&amp;reserved=0\" target=\"_self\" rel=\"noopener\">\n\t\t\t\t\t\t\t\u00a1LA QUIERO!\n\t\t\t\t\t<\/a>\n\t\t\t\t<img loading=\"lazy\" decoding=\"async\" src=\"\/r\/wp-content\/uploads\/sites\/5\/2024\/03\/9780829772319.interior.description.01.jpg\" alt=\"9780829772319.interior.description.01\" height=\"600\" width=\"970\" title=\"9780829772319.interior.description.01\" \/>\n<h2>\n\t\t\u00a1No te pierdas la Biblia Aventura NBLA!\n\t<\/h2>\n\t\t\t<a href=\"#descargas\" target=\"_self\" rel=\"noopener\">\n\t\t\t\t\t\t\t\u00a1DESCARGAR MUESTRA GRATIS!\n\t\t\t\t\t<\/a>\n<h2>\n\t\tBiblia para ni\u00f1os NVI\n\t<\/h2>\n<h2>\n\t\tAprende las historias de la Biblia llenas de esperanza con la Nueva Versi\u00f3n Internacional\n\t<\/h2>\n\t<p>Los ni\u00f1os estar\u00e1n encantados de tener esta edici\u00f3n f\u00e1cil de leer, con el texto actualizado de la Nueva Versi\u00f3n Internacional (2022). La Biblia NVI para ni\u00f1os es ideal para que los ni\u00f1os de 8 a 12 a\u00f1os la lean solos o en familia. Esta Biblia incluye herramientas adecuadas a la edad para ayudar a los primeros lectores de la Palabra de Dios a relacionarse con la Escritura y a explorarla de forma\u00a0independiente.<\/p>\n<h2>\n\t\t\u00bfQu\u00e9 aprender\u00e1s?\n\t<\/h2>\n\t\u2022 Los milagros de Jes\u00fas<br \/>\n\u2022 Datos sobre la Biblia en \u00abDescubre los hechos\u00bb<br \/>\n\u2022 Consejos para memorizar la Escritura<br \/>\n\u2022 La importancia de la Biblia<br \/>\n\u2022 Las razones para alabar a Dios<br \/>\n\u2022 Los siete pilares\u00a0de\u00a0la\u00a0sabidur\u00eda\n\t\t\t<a href=\"https:\/\/www.amazon.com\/Biblia-Ni%C3%B1os-revisado-Comfort-Spanish\/dp\/0829772561\/ref=sr_1_1?crid=352DRFZKR5T3E&amp;keywords=biblia+para+ni%C3%B1os+nvi&amp;qid=1706646415&amp;sprefix=biblia+para+ni%C3%B1os+nvi%2Caps%2C113&amp;sr=8-1\" target=\"_self\" rel=\"noopener\">\n\t\t\t\t\t\t\t\u00a1LA QUIERO!\n\t\t\t\t\t<\/a>\n\t\t\t<img decoding=\"async\" loading='false' src=\"\/r\/wp-content\/uploads\/sites\/5\/2024\/03\/biblia-nvi-ninos-1-scaled.jpg\" alt=\"\" \/>\t\t\t\n\t\t\t<img decoding=\"async\" loading='false' src=\"\/r\/wp-content\/uploads\/sites\/5\/2024\/03\/biblia-nvi-ninos-2-scaled.jpg\" alt=\"\" \/>\t\t\t\n\t\t\t\t<img loading=\"lazy\" decoding=\"async\" src=\"\/r\/wp-content\/uploads\/sites\/5\/2024\/03\/9780829772562.interior.description.01-scaled.jpg\" alt=\"9780829772562.interior.description.01\" height=\"1440\" width=\"2560\" title=\"9780829772562.interior.description.01\" \/>\n<h2>\n\t\tLetra exclusiva Comfort print*\n\t<\/h2>\n\t\t\t<a href=\"#descargas\" target=\"_self\" rel=\"noopener\">\n\t\t\t\t\t\t\t\u00a1DESCARGAR MUESTRA GRATIS!\n\t\t\t\t\t<\/a>\n<h2>\n\t\tBiblias para ni\u00f1os\n\t<\/h2>\n\t\t\t\t<a href=\"https:\/\/www.amazon.com\/Biblia-Ni%C3%B1os-revisado-Comfort-Spanish\/dp\/0829772561\/ref=sr_1_1?crid=352DRFZKR5T3E&amp;keywords=biblia+para+ni%C3%B1os+nvi&amp;qid=1706646415&amp;sprefix=biblia+para+ni%C3%B1os+nvi%2Caps%2C113&amp;sr=8-1\" target=\"_blank\" rel=\"noopener\">\n\t\t\t\t<img loading=\"lazy\" decoding=\"async\" src=\"\/r\/wp-content\/uploads\/sites\/5\/2024\/02\/portada-BILIA-para-ninos-NVI.jpg\" alt=\"Biblia para ni\u00f1os NVI\" height=\"700\" width=\"444\" title=\"portada-BILIA para ninos NVI\" \/>\n\t\t\t\t<\/a>\n<h2>\n\t\t<a href=\"https:\/\/www.amazon.com\/-\/es\/Nueva-Versi%C3%B3n-Internacional\/dp\/0829768416\/ref=sr_1_4?__mk_es_US=%C3%85M%C3%85%C5%BD%C3%95%C3%91&amp;crid=2UIORP14UYZD4&amp;keywords=adventure+bible&amp;qid=1662492718&amp;sprefix=biblia+aventura%2Caps%2C91&amp;sr=8-4\" title=\"NVI Biblia para ni\u00f1os\" target=\"_blank\" rel=\"noopener\">\n\t\tNVI Biblia para ni\u00f1os\n\t\t<\/a>\n\t<\/h2>\n\t\t\t\t<a href=\"https:\/\/www.amazon.com\/Biblia-Aventura-Interior-Magn%C3%A9tico-Spanish\/dp\/0829772316\/ref=sr_1_1?crid=ONPH1ZHDLHVH&amp;keywords=nbla+aventura&amp;qid=1706646529&amp;sprefix=nbla+aentura%2Caps%2C104&amp;sr=8-1\" target=\"_blank\" rel=\"noopener\">\n\t\t\t\t<img loading=\"lazy\" decoding=\"async\" src=\"\/r\/wp-content\/uploads\/sites\/5\/2024\/02\/portada-NBLA-aventura.jpg\" alt=\"NBLA Biblia Aventura\" height=\"700\" width=\"469\" title=\"portada-NBLA aventura\" \/>\n\t\t\t\t<\/a>\n<h2>\n\t\t<a href=\"https:\/\/www.amazon.com\/-\/es\/Nueva-Versi%C3%B3n-Internacional\/dp\/0829768416\/ref=sr_1_4?__mk_es_US=%C3%85M%C3%85%C5%BD%C3%95%C3%91&amp;crid=2UIORP14UYZD4&amp;keywords=adventure+bible&amp;qid=1662492718&amp;sprefix=biblia+aventura%2Caps%2C91&amp;sr=8-4\" title=\"NBLA Biblia Aventura\" target=\"_blank\" rel=\"noopener\">\n\t\tNBLA Biblia Aventura\n\t\t<\/a>\n\t<\/h2>\n\t\t\t\t<a href=\"https:\/\/www.amazon.com\/NBLA-Biblia-visual-estudio-ni%C3%B1os\/dp\/0829772421\/ref=sr_1_1?crid=2MZPZ709Q4NKE&amp;keywords=biblia+para+ni%C3%B1os+nbla&amp;qid=1706640424&amp;sprefix=biblia+para+ni%C3%B1os+nbla+%2Caps%2C100&amp;sr=8-1\" target=\"_blank\" rel=\"noopener\">\n\t\t\t\t<img loading=\"lazy\" decoding=\"async\" src=\"\/r\/wp-content\/uploads\/sites\/5\/2024\/02\/portada-NBLA-visual.jpg\" alt=\"Biblia visual de estudio para ni\u00f1os NBLA\" height=\"700\" width=\"449\" title=\"portada-NBLA visual\" \/>\n\t\t\t\t<\/a>\n<h2>\n\t\t<a href=\"https:\/\/www.amazon.com\/-\/es\/Nueva-Versi%C3%B3n-Internacional\/dp\/0829768416\/ref=sr_1_4?__mk_es_US=%C3%85M%C3%85%C5%BD%C3%95%C3%91&amp;crid=2UIORP14UYZD4&amp;keywords=adventure+bible&amp;qid=1662492718&amp;sprefix=biblia+aventura%2Caps%2C91&amp;sr=8-4\" title=\"NBLA Visual de Estudio para ni\u00f1os\" target=\"_blank\" rel=\"noopener\">\n\t\tNBLA Visual de Estudio para ni\u00f1os\n\t\t<\/a>\n\t<\/h2>\n\t\t\t\t<a href=\"https:\/\/www.amazon.com\/-\/es\/Nueva-Versi%C3%B3n-Internacional\/dp\/0829768416\/ref=sr_1_4?__mk_es_US=%C3%85M%C3%85%C5%BD%C3%95%C3%91&amp;crid=2UIORP14UYZD4&amp;keywords=adventure+bible&amp;qid=1662492718&amp;sprefix=biblia+aventura%2Caps%2C91&amp;sr=8-4\" target=\"_blank\" rel=\"noopener\">\n\t\t\t\t<img loading=\"lazy\" decoding=\"async\" src=\"\/r\/wp-content\/uploads\/sites\/5\/2022\/09\/Biblia-Aventura.jpg\" alt=\"Biblia Aventura\" height=\"250\" width=\"175\" title=\"Biblia Aventura\" \/>\n\t\t\t\t<\/a>\n<h2>\n\t\t<a href=\"https:\/\/www.amazon.com\/-\/es\/Nueva-Versi%C3%B3n-Internacional\/dp\/0829768416\/ref=sr_1_4?__mk_es_US=%C3%85M%C3%85%C5%BD%C3%95%C3%91&amp;crid=2UIORP14UYZD4&amp;keywords=adventure+bible&amp;qid=1662492718&amp;sprefix=biblia+aventura%2Caps%2C91&amp;sr=8-4\" title=\"NVI Biblia Aventura\" target=\"_blank\" rel=\"noopener\">\n\t\tNVI Biblia Aventura\n\t\t<\/a>\n\t<\/h2>\n\t\t\t\t<a href=\"https:\/\/www.amazon.com\/-\/es\/Amy-Parker\/dp\/1400218306\/ref=sr_1_17?crid=AAX6VRGV47K0&amp;keywords=biblia+comics+espa%C3%B1ol&amp;qid=1662492818&amp;s=books&amp;sprefix=biblia+comics%2Cstripbooks%2C48&amp;sr=1-17\" target=\"_blank\" rel=\"noopener\">\n\t\t\t\t<img loading=\"lazy\" decoding=\"async\" src=\"\/r\/wp-content\/uploads\/sites\/5\/2022\/09\/Biblia-del-plan-asombroso-de-Dios.jpg\" alt=\"Biblia del plan asombroso de Dios\" height=\"250\" width=\"177\" title=\"Biblia del plan asombroso de Dios\" \/>\n\t\t\t\t<\/a>\n<h2>\n\t\t<a href=\"https:\/\/www.amazon.com\/-\/es\/Amy-Parker\/dp\/1400218306\/ref=sr_1_17?crid=AAX6VRGV47K0&amp;keywords=biblia+comics+espa%C3%B1ol&amp;qid=1662492818&amp;s=books&amp;sprefix=biblia+comics%2Cstripbooks%2C48&amp;sr=1-17\" title=\"Biblia del plan asombroso de Dios\" target=\"_blank\" rel=\"noopener\">\n\t\tBiblia del plan asombroso de Dios\n\t\t<\/a>\n\t<\/h2>\n\t\t\t\t<a href=\"https:\/\/www.amazon.com\/-\/es\/Zondervan\/dp\/0829767460\/ref=sr_1_1?__mk_es_US=%C3%85M%C3%85%C5%BD%C3%95%C3%91&amp;crid=2IQME7CSJJUVR&amp;keywords=biblia+para+principiantes&amp;qid=1662492705&amp;sprefix=biblia+para+principiantes%2Caps%2C77&amp;sr=8-1\" target=\"_blank\" rel=\"noopener\">\n\t\t\t\t<img loading=\"lazy\" decoding=\"async\" src=\"\/r\/wp-content\/uploads\/sites\/5\/2022\/09\/La-Biblia-para-principiantes.jpg\" alt=\"La Biblia para principiantes\" height=\"250\" width=\"195\" title=\"La Biblia para principiantes\" \/>\n\t\t\t\t<\/a>\n<h2>\n\t\t<a href=\"https:\/\/www.amazon.com\/-\/es\/Zondervan\/dp\/0829767460\/ref=sr_1_1?__mk_es_US=%C3%85M%C3%85%C5%BD%C3%95%C3%91&amp;crid=2IQME7CSJJUVR&amp;keywords=biblia+para+principiantes&amp;qid=1662492705&amp;sprefix=biblia+para+principiantes%2Caps%2C77&amp;sr=8-1\" title=\"La Biblia para principiantes\" target=\"_blank\" rel=\"noopener\">\n\t\tLa Biblia para principiantes\n\t\t<\/a>\n\t<\/h2>\n\t\t\t\t<a href=\"https:\/\/www.amazon.com\/-\/es\/Jacob-Vium-Olesen\/dp\/1404110127\/ref=sr_1_1?__mk_es_US=%C3%85M%C3%85%C5%BD%C3%95%C3%91&amp;crid=UVA11CP1C7HC&amp;keywords=9781404110120&amp;qid=1662492668&amp;sprefix=9781404110120%2Caps%2C138&amp;sr=8-1\" target=\"_blank\" rel=\"noopener\">\n\t\t\t\t<img loading=\"lazy\" decoding=\"async\" src=\"\/r\/wp-content\/uploads\/sites\/5\/2022\/09\/Mi-primera-Biblia-para-memorizar.jpg\" alt=\"Mi primera Biblia para memorizar\" height=\"250\" width=\"210\" title=\"Mi primera Biblia para memorizar\" \/>\n\t\t\t\t<\/a>\n<h2>\n\t\t<a href=\"https:\/\/www.amazon.com\/-\/es\/Jacob-Vium-Olesen\/dp\/1404110127\/ref=sr_1_1?__mk_es_US=%C3%85M%C3%85%C5%BD%C3%95%C3%91&amp;crid=UVA11CP1C7HC&amp;keywords=9781404110120&amp;qid=1662492668&amp;sprefix=9781404110120%2Caps%2C138&amp;sr=8-1\" title=\"Mi primera Biblia&lt;br&gt;para memorizar\" target=\"_blank\" rel=\"noopener\">\n\t\tMi primera Biblia<br \/>para memorizar\n\t\t<\/a>\n\t<\/h2>\n\t\t\t\t<a href=\"https:\/\/www.amazon.com\/-\/es\/Anne-Graaf\/dp\/0829769250\/ref=sr_1_1?__mk_es_US=%C3%85M%C3%85%C5%BD%C3%95%C3%91&amp;crid=25YQATITADVE7&amp;keywords=9780829769258&amp;qid=1662492624&amp;sprefix=9780829769258%2Caps%2C49&amp;sr=8-1\" target=\"_blank\" rel=\"noopener\">\n\t\t\t\t<img loading=\"lazy\" decoding=\"async\" src=\"\/r\/wp-content\/uploads\/sites\/5\/2022\/09\/Historias-de-la-Biblia.jpg\" alt=\"Historias de la Biblia\" height=\"250\" width=\"171\" title=\"Historias de la Biblia\" \/>\n\t\t\t\t<\/a>\n<h2>\n\t\t<a href=\"https:\/\/www.amazon.com\/-\/es\/Anne-Graaf\/dp\/0829769250\/ref=sr_1_1?__mk_es_US=%C3%85M%C3%85%C5%BD%C3%95%C3%91&amp;crid=25YQATITADVE7&amp;keywords=9780829769258&amp;qid=1662492624&amp;sprefix=9780829769258%2Caps%2C49&amp;sr=8-1\" title=\"Historias de la Biblia\" target=\"_blank\" rel=\"noopener\">\n\t\tHistorias de la Biblia\n\t\t<\/a>\n\t<\/h2>\n<h2>\n\t\tDescargas\n\t<\/h2>\n\t\t\t\t<img loading=\"lazy\" decoding=\"async\" src=\"\/r\/wp-content\/uploads\/sites\/5\/2024\/03\/descarga-gratis-biblias.png\" alt=\"descarga gratis-biblias\" height=\"695\" width=\"966\" title=\"descarga gratis-biblias\" \/>\n\t<h4>Descarga gratis una muestra<br \/>\nde nuestras nuevas Biblias para ni\u00f1os.<\/h4>\n\t\n<label>Nombre:<br \/>\n<\/label><label for=\"email\">Correo electr\u00f3nico:<\/label><br \/><br \/>\n\n\n\n\n\n\n\n\t<p>Al proporcionarnos su direcci\u00f3n de correo electr\u00f3nico usted tambi\u00e9n nos indica que est\u00e1 consciente de que recibir\u00e1 comunicados por este mismo medio de parte de HarperCollins Christian Publishing\u00a0(501 Nelson Place, Nashville, TN 37214 USA) con informaci\u00f3n acerca de productos y servicios tanto de HCCP como de sus afiliados.\u00a0Usted puede darse de baja de esta lista de env\u00edo de comunicados en\u00a0cualquier momento.\u00a0Si tiene alguna pregunta, por favor consulte nuestra <a href=\"http:\/\/www.harpercollinschristian.com\/privacidad\/\"><strong>Pol\u00edtica de Privacidad<\/strong><\/a> o env\u00ede un correo electr\u00f3nico a <a href=\"mailto:yourprivacy@harpercollins.com\"><strong>yourprivacy@harpercollins.com<\/strong><\/a>.<\/p>\n\t\t\t<a href=\"#menu\" target=\"_self\" rel=\"noopener\">\n\t\t\t\t\t\t\tInicio\n\t\t\t\t\t<\/a>\n\t\t\t\t<img loading=\"lazy\" decoding=\"async\" src=\"\/r\/wp-content\/uploads\/sites\/5\/2020\/10\/Grupo-1.png\" alt=\"Grupo\" height=\"197\" width=\"173\" title=\"Grupo\" \/>\n\t\t\t\t<img loading=\"lazy\" decoding=\"async\" src=\"\/r\/wp-content\/uploads\/sites\/5\/2020\/10\/vida-white.png\" alt=\"vida white\" height=\"952\" width=\"756\" title=\"vida white\" \/>\n\n","protected":false},"excerpt":{"rendered":"<p>Biblia visual de estudiopara ni\u00f1os NBLA \u00a1La Biblia que despertar\u00e1 tu curiosidad! La NBLA, Biblia visual de estudio para ni\u00f1os se llena de vida con incre\u00edbles im\u00e1genes a todo color. Al incluir m\u00e1s de 700 ilustraciones, fotograf\u00edas, infograf\u00edas y mapas localizados cerca del vers\u00edculo correspondiente, esta Biblia de estudio se transforma en un texto fascinante [&hellip;]<\/p>\n","protected":false},"author":0,"featured_media":0,"parent":5919,"menu_order":0,"comment_status":"closed","ping_status":"closed","template":"","meta":{"_acf_changed":false,"footnotes":""},"class_list":["post-16073","page","type-page","status-publish","hentry"],"acf":[],"yoast_head":"<!-- This site is optimized with the Yoast SEO Premium plugin v27.3 (Yoast SEO v27.4) - https:\/\/yoast.com\/product\/yoast-seo-premium-wordpress\/ -->\n<title>Biblias para ni\u00f1os<\/title>\n<meta name=\"description\" content=\"Descubre nuevos recursos para ayudar a los ni\u00f1os a aprender sobre Dios y la palabra de Dios.\" \/>\n<meta name=\"robots\" content=\"index, follow, max-snippet:-1, max-image-preview:large, max-video-preview:-1\" \/>\n<link rel=\"canonical\" href=\"https:\/\/staging.editorialhccp.hcusweb.com\/r\/libros-cristianos-para-ninos\/biblias-para-ninos\/\" \/>\n<meta property=\"og:locale\" content=\"en_US\" \/>\n<meta property=\"og:type\" content=\"article\" \/>\n<meta property=\"og:title\" content=\"Biblias para ni\u00f1os\" \/>\n<meta property=\"og:description\" content=\"Descubre nuevos recursos para ayudar a los ni\u00f1os a aprender sobre Dios y la palabra de Dios.\" \/>\n<meta property=\"og:url\" content=\"https:\/\/staging.editorialhccp.hcusweb.com\/r\/libros-cristianos-para-ninos\/biblias-para-ninos\/\" \/>\n<meta property=\"og:site_name\" content=\"Marketing Pages\" \/>\n<meta name=\"twitter:card\" content=\"summary_large_image\" \/>\n<meta name=\"twitter:label1\" content=\"Est. reading time\" \/>\n\t<meta name=\"twitter:data1\" content=\"10 minutes\" \/>\n<script type=\"application\/ld+json\" class=\"yoast-schema-graph\">{\"@context\":\"https:\\\/\\\/schema.org\",\"@graph\":[{\"@type\":\"WebPage\",\"@id\":\"https:\\\/\\\/staging.editorialhccp.hcusweb.com\\\/r\\\/libros-cristianos-para-ninos\\\/biblias-para-ninos\\\/\",\"url\":\"https:\\\/\\\/staging.editorialhccp.hcusweb.com\\\/r\\\/libros-cristianos-para-ninos\\\/biblias-para-ninos\\\/\",\"name\":\"Biblias para ni\u00f1os\",\"isPartOf\":{\"@id\":\"https:\\\/\\\/staging.editorialhccp.hcusweb.com\\\/r\\\/#website\"},\"datePublished\":\"2024-03-01T19:06:43+00:00\",\"description\":\"Descubre nuevos recursos para ayudar a los ni\u00f1os a aprender sobre Dios y la palabra de Dios.\",\"breadcrumb\":{\"@id\":\"https:\\\/\\\/staging.editorialhccp.hcusweb.com\\\/r\\\/libros-cristianos-para-ninos\\\/biblias-para-ninos\\\/#breadcrumb\"},\"inLanguage\":\"en-US\",\"potentialAction\":[{\"@type\":\"ReadAction\",\"target\":[\"https:\\\/\\\/staging.editorialhccp.hcusweb.com\\\/r\\\/libros-cristianos-para-ninos\\\/biblias-para-ninos\\\/\"]}]},{\"@type\":\"BreadcrumbList\",\"@id\":\"https:\\\/\\\/staging.editorialhccp.hcusweb.com\\\/r\\\/libros-cristianos-para-ninos\\\/biblias-para-ninos\\\/#breadcrumb\",\"itemListElement\":[{\"@type\":\"ListItem\",\"position\":1,\"name\":\"Home\",\"item\":\"https:\\\/\\\/staging.editorialhccp.hcusweb.com\\\/r\\\/\"},{\"@type\":\"ListItem\",\"position\":2,\"name\":\"Libros cristianos para ni\u00f1os\",\"item\":\"https:\\\/\\\/staging.editorialhccp.hcusweb.com\\\/r\\\/libros-cristianos-para-ninos\\\/\"},{\"@type\":\"ListItem\",\"position\":3,\"name\":\"Biblias para ni\u00f1os\"}]},{\"@type\":\"WebSite\",\"@id\":\"https:\\\/\\\/staging.editorialhccp.hcusweb.com\\\/r\\\/#website\",\"url\":\"https:\\\/\\\/staging.editorialhccp.hcusweb.com\\\/r\\\/\",\"name\":\"Marketing Pages\",\"description\":\"\",\"potentialAction\":[{\"@type\":\"SearchAction\",\"target\":{\"@type\":\"EntryPoint\",\"urlTemplate\":\"https:\\\/\\\/staging.editorialhccp.hcusweb.com\\\/r\\\/?s={search_term_string}\"},\"query-input\":{\"@type\":\"PropertyValueSpecification\",\"valueRequired\":true,\"valueName\":\"search_term_string\"}}],\"inLanguage\":\"en-US\"}]}<\/script>\n<!-- \/ Yoast SEO Premium plugin. -->","yoast_head_json":{"title":"Biblias para ni\u00f1os","description":"Descubre nuevos recursos para ayudar a los ni\u00f1os a aprender sobre Dios y la palabra de Dios.","robots":{"index":"index","follow":"follow","max-snippet":"max-snippet:-1","max-image-preview":"max-image-preview:large","max-video-preview":"max-video-preview:-1"},"canonical":"https:\/\/staging.editorialhccp.hcusweb.com\/r\/libros-cristianos-para-ninos\/biblias-para-ninos\/","og_locale":"en_US","og_type":"article","og_title":"Biblias para ni\u00f1os","og_description":"Descubre nuevos recursos para ayudar a los ni\u00f1os a aprender sobre Dios y la palabra de Dios.","og_url":"https:\/\/staging.editorialhccp.hcusweb.com\/r\/libros-cristianos-para-ninos\/biblias-para-ninos\/","og_site_name":"Marketing Pages","twitter_card":"summary_large_image","twitter_misc":{"Est. reading time":"10 minutes"},"schema":{"@context":"https:\/\/schema.org","@graph":[{"@type":"WebPage","@id":"https:\/\/staging.editorialhccp.hcusweb.com\/r\/libros-cristianos-para-ninos\/biblias-para-ninos\/","url":"https:\/\/staging.editorialhccp.hcusweb.com\/r\/libros-cristianos-para-ninos\/biblias-para-ninos\/","name":"Biblias para ni\u00f1os","isPartOf":{"@id":"https:\/\/staging.editorialhccp.hcusweb.com\/r\/#website"},"datePublished":"2024-03-01T19:06:43+00:00","description":"Descubre nuevos recursos para ayudar a los ni\u00f1os a aprender sobre Dios y la palabra de Dios.","breadcrumb":{"@id":"https:\/\/staging.editorialhccp.hcusweb.com\/r\/libros-cristianos-para-ninos\/biblias-para-ninos\/#breadcrumb"},"inLanguage":"en-US","potentialAction":[{"@type":"ReadAction","target":["https:\/\/staging.editorialhccp.hcusweb.com\/r\/libros-cristianos-para-ninos\/biblias-para-ninos\/"]}]},{"@type":"BreadcrumbList","@id":"https:\/\/staging.editorialhccp.hcusweb.com\/r\/libros-cristianos-para-ninos\/biblias-para-ninos\/#breadcrumb","itemListElement":[{"@type":"ListItem","position":1,"name":"Home","item":"https:\/\/staging.editorialhccp.hcusweb.com\/r\/"},{"@type":"ListItem","position":2,"name":"Libros cristianos para ni\u00f1os","item":"https:\/\/staging.editorialhccp.hcusweb.com\/r\/libros-cristianos-para-ninos\/"},{"@type":"ListItem","position":3,"name":"Biblias para ni\u00f1os"}]},{"@type":"WebSite","@id":"https:\/\/staging.editorialhccp.hcusweb.com\/r\/#website","url":"https:\/\/staging.editorialhccp.hcusweb.com\/r\/","name":"Marketing Pages","description":"","potentialAction":[{"@type":"SearchAction","target":{"@type":"EntryPoint","urlTemplate":"https:\/\/staging.editorialhccp.hcusweb.com\/r\/?s={search_term_string}"},"query-input":{"@type":"PropertyValueSpecification","valueRequired":true,"valueName":"search_term_string"}}],"inLanguage":"en-US"}]}},"_links":{"self":[{"href":"https:\/\/staging.editorialhccp.hcusweb.com\/r\/wp-json\/wp\/v2\/pages\/16073","targetHints":{"allow":["GET"]}}],"collection":[{"href":"https:\/\/staging.editorialhccp.hcusweb.com\/r\/wp-json\/wp\/v2\/pages"}],"about":[{"href":"https:\/\/staging.editorialhccp.hcusweb.com\/r\/wp-json\/wp\/v2\/types\/page"}],"replies":[{"embeddable":true,"href":"https:\/\/staging.editorialhccp.hcusweb.com\/r\/wp-json\/wp\/v2\/comments?post=16073"}],"version-history":[{"count":0,"href":"https:\/\/staging.editorialhccp.hcusweb.com\/r\/wp-json\/wp\/v2\/pages\/16073\/revisions"}],"up":[{"embeddable":true,"href":"https:\/\/staging.editorialhccp.hcusweb.com\/r\/wp-json\/wp\/v2\/pages\/5919"}],"wp:attachment":[{"href":"https:\/\/staging.editorialhccp.hcusweb.com\/r\/wp-json\/wp\/v2\/media?parent=16073"}],"curies":[{"name":"wp","href":"https:\/\/api.w.org\/{rel}","templated":true}]}}